Malga Picotera

46° 01.32' N | 012° 22.30' E | 1038 metri | Mostra sulla Mappa

Sommario Climatico December 2018

10/12/2019 06:55:00 CET

Stazione: Vantage Pro2
Software: WeeWX v3.9.2
Weewx uptime: 8 Giorni, 15 Ore, 59 Minuti
Server uptime: 8 Giorni, 15 Ore, 53 Minuti
                   MONTHLY CLIMATOLOGICAL SUMMARY for dic 2018


NAME: Malga Picotera                  
ELEV: 1038 metri    LAT: 46-01.32 N    LONG: 012-22.30 E


                   TEMPERATURE (°C), RAIN (mm), WIND SPEED (km/h)

                                         HEAT   COOL         AVG
      MEAN                               DEG    DEG          WIND                   DOM
DAY   TEMP   HIGH   TIME    LOW   TIME   DAYS   DAYS   RAIN  SPEED   HIGH   TIME    DIR
---------------------------------------------------------------------------------------
 01
 02
 03
 04
 05
 06
 07
 08
 09
 10
 11
 12
 13
 14
 15
 16
 17    0,3    4,3  11:23   -3,5  00:31   18,0    0,0    0,0    2,2   14,5  11:42     19
 18   -0,1    4,1  15:15   -2,5  23:35   18,4    0,0    0,0    3,1   11,3  11:57    256
 19   -1,0    1,1  11:58   -2,9  05:04   19,3    0,0    0,0    1,5    8,0  19:55    324
 20   -0,2    1,3  12:41   -1,6  23:56   18,5    0,0    2,8    1,0    8,0  00:59    148
 21   -1,0    1,7  11:04   -2,3  05:35   19,3    0,0    1,8    1,5    9,7  10:43    355
 22   -0,5    3,3  23:50   -2,3  01:10   18,8    0,0    1,0    2,2    8,0  10:30    357
 23    2,2    9,8  23:45   -0,5  12:01   16,1    0,0    0,2    2,4   30,6  23:51     72
 24    4,8   10,4  00:54    0,6  23:59   13,6    0,0    0,2    4,1   25,7  01:10     10
 25    1,1    5,5  13:39   -1,5  23:50   17,2    0,0    0,0    3,2   11,3  12:50      2
 26    2,2    6,5  15:17   -0,9  00:00   16,1    0,0    0,0    2,7    9,7  13:15    237
 27    5,7   10,1  11:54    2,1  00:00   12,6    0,0    0,0    3,5   12,9  13:19    216
 28    6,2    9,2  15:07    4,0  04:56   12,1    0,0    0,0    2,9    8,0  14:30    209
 29    5,6    9,5  14:47    2,1  19:53   12,7    0,0    0,0    3,5   12,9  15:38    228
 30    5,3    9,8  14:11    1,4  05:29   13,1    0,0    0,0    2,8   19,3  14:21    249
 31    3,2    7,4  15:10   -0,5  23:49   15,2    0,0    0,0    3,1   14,5  11:10    329
---------------------------------------------------------------------------------------
       2,2   10,4     24   -3,5     17  241,1    0,0    7,4    2,2   30,6     23    248
    
Updated: 10/11/2019 17:55:00