Malga Picotera

46° 01.32' N | 012° 22.30' E | 1038 metri | Mostra sulla Mappa

Sommario Climatico January 2019

21/08/2019 23:20:00 CEST

Stazione: Vantage Pro2
Software: WeeWX v3.8.0
Weewx uptime: 6 Giorni, 12 Ore, 39 Minuti
Server uptime: 6 Giorni, 12 Ore, 23 Minuti
                   MONTHLY CLIMATOLOGICAL SUMMARY for gen 2019


NAME: Malga Picotera                  
ELEV: 1038 metri    LAT: 46-01.32 N    LONG: 012-22.30 E


                   TEMPERATURE (°C), RAIN (mm), WIND SPEED (km/h)

                                         HEAT   COOL         AVG
      MEAN                               DEG    DEG          WIND                   DOM
DAY   TEMP   HIGH   TIME    LOW   TIME   DAYS   DAYS   RAIN  SPEED   HIGH   TIME    DIR
---------------------------------------------------------------------------------------
 01   -0,9    1,9  12:24   -2,8  20:43   19,3    0,0    0,0    2,2   12,9  12:33    242
 02    1,0    5,3  04:04   -3,1  23:34   17,4    0,0    0,0    3,1   27,4  10:16    356
 03   -2,9    0,4  14:39   -5,0  18:39   21,3    0,0    0,0    2,3   20,9  12:14    190
 04   -4,6   -1,4  15:33   -7,3  07:49   23,0    0,0    0,0    2,5   12,9  10:33    211
 05   -0,4    4,3  21:58   -5,9  01:47   18,7    0,0    0,0    2,1   12,9  21:51    355
 06    4,0    8,5  14:58    0,1  01:53   14,3    0,0    0,0    3,2   14,5  16:03     43
 07   -0,7    0,9  00:00   -1,8  23:59   19,0    0,0    0,0    1,0   11,3  10:57    139
 08   -1,6   -0,2  23:50   -3,3  18:54   19,9    0,0    0,0    1,4   12,9  02:58    203
 09    0,7    3,9  12:50   -1,4  23:52   17,6    0,0    0,0    2,1   16,1  14:23     58
 10   -0,8    3,3  15:34   -2,8  20:23   19,2    0,0    0,0    2,5   14,5  13:14     92
 11   -3,2   -0,2  14:03   -5,9  07:52   21,6    0,0    0,0    2,0   17,7  13:13    228
 12    0,3    4,8  15:28   -3,2  01:13   18,0    0,0    0,0    1,6    6,4  05:25    299
 13    1,1    7,0  09:48   -2,0  04:36   17,2    0,0    0,0    2,1   12,9  14:15    250
 14    3,5    8,9  14:31   -2,1  01:45   14,9    0,0    0,0    3,1   20,9  08:24    331
 15    0,3    4,5  13:54   -2,1  20:49   18,1    0,0    0,0    3,3   19,3  11:27    150
 16   -0,3    3,3  14:30   -2,8  07:12   18,7    0,0    0,0    2,9   16,1  13:50    183
 17    1,3    2,2  13:01   -0,2  00:00   17,0    0,0    6,4    1,3   14,5  14:11    174
 18   -0,2    1,1  00:36   -2,2  23:21   18,5    0,0    6,2    1,0    9,7  12:43    277
 19   -3,3   -2,2  00:00   -4,3  20:35   21,7    0,0    0,0    1,0    8,0  11:44    261
 20   -3,1    0,4  13:47   -5,8  04:39   21,4    0,0    0,0    2,1   12,9  13:11    294
 21   -0,7    2,9  11:34   -3,0  00:00   19,0    0,0    0,2    2,0   11,3  11:37    352
 22   -2,5    1,5  14:39   -4,8  06:21   20,9    0,0    0,0    2,0   14,5  14:06    288
 23   -4,6   -2,8  15:51   -5,8  02:54   22,9    0,0    0,8    0,9    8,0  05:25    337
 24   -1,1    3,7  15:23   -4,1  00:17   19,4    0,0    4,0    2,9   16,1  14:06      1
 25   -2,2    1,5  15:43   -5,2  07:01   20,5    0,0    0,2    3,0   14,5  14:59    286
 26   -0,8    2,7  12:09   -4,0  02:11   19,2    0,0    0,2    2,6   11,3  13:28    330
 27   -1,1    0,6  20:30   -3,1  06:56   19,4    0,0    0,0    1,7   19,3  20:30    301
 28   -1,4   -0,1  00:00   -4,9  23:49   19,7    0,0    0,6    0,9    6,4  13:27    132
 29   -2,3    1,8  15:11   -5,6  03:46   20,7    0,0    5,0    2,9   17,7  14:10    177
 30   -3,5   -1,0  13:22   -6,2  05:13   21,8    0,0    0,2    1,7   11,3  13:27    102
 31   -2,1    1,4  14:19   -3,4  00:53   20,4    0,0    1,2    1,7   24,1  13:42    206
---------------------------------------------------------------------------------------
      -1,0    8,9     14   -7,3     04  600,6    0,0   25,0    2,1   27,4     02    262
    
Updated: 06/02/2019 00:05:00