Malga Picotera

46° 01.32' N | 012° 22.30' E | 1038 metri | Mostra sulla Mappa

Sommario Climatico February 2019

10/12/2019 06:35:00 CET

Stazione: Vantage Pro2
Software: WeeWX v3.9.2
Weewx uptime: 8 Giorni, 15 Ore, 39 Minuti
Server uptime: 8 Giorni, 15 Ore, 33 Minuti
                   MONTHLY CLIMATOLOGICAL SUMMARY for feb 2019


NAME: Malga Picotera                  
ELEV: 1038 metri    LAT: 46-01.32 N    LONG: 012-22.30 E


                   TEMPERATURE (°C), RAIN (mm), WIND SPEED (km/h)

                                         HEAT   COOL         AVG
      MEAN                               DEG    DEG          WIND                   DOM
DAY   TEMP   HIGH   TIME    LOW   TIME   DAYS   DAYS   RAIN  SPEED   HIGH   TIME    DIR
---------------------------------------------------------------------------------------
 01    2,0    5,4  19:49   -3,1  01:08   16,3    0,0   70,4    4,0   37,0  22:53    206
 02    3,5    5,1  03:02    0,8  19:12   14,9    0,0   46,0    3,9   38,6  06:05    208
 03    1,1    2,9  11:12   -0,1  23:59   17,2    0,0   25,4    2,6   17,7  09:19     34
 04    0,6    4,8  14:10   -2,1  22:19   17,8    0,0    0,2    3,8   14,5  11:40     25
 05    1,8    7,1  15:12   -1,9  00:42   16,5    0,0    0,0    3,7   12,9  13:02      5
 06    3,7    9,2  15:33    0,9  03:58   14,6    0,0    0,0    3,5    9,7  10:47    358
 07    2,6    5,7  13:10   -0,2  07:25   15,7    0,0    0,0    2,9   12,9  12:06    324
 08    3,2    8,2  13:33   -0,3  22:43   15,1    0,0    0,0    2,8   25,7  13:09     47
 09    1,1    4,3  13:51   -0,7  07:24   17,2    0,0    0,0    2,8   20,9  13:58    223
 10    1,4    3,1  20:52   -0,3  03:55   16,9    0,0   13,8    1,8   19,3  17:57    196
 11    1,3    4,9  13:41   -0,4  23:43   17,0    0,0    0,2    2,4   19,3  13:50     40
 12    1,6    5,6  13:56   -1,0  23:12   16,8    0,0    0,2    3,0   17,7  13:19    211
 13    1,3    5,7  14:40   -1,9  01:21   17,0    0,0    0,0    2,5   17,7  13:06    243
 14    4,8   13,3  14:10    0,4  01:23   13,5    0,0    0,0    2,9   12,9  14:41     19
 15    6,2   12,4  14:44    2,6  05:23   12,1    0,0    0,0    3,1   11,3  13:31     18
 16    7,0   11,6  14:28    2,1  01:44   11,3    0,0    0,0    3,6   12,9  13:08    206
 17    7,8   12,6  16:12    4,3  01:10   10,5    0,0    0,0    3,7   11,3  15:32    313
 18    6,3   10,6  14:17    2,8  21:01   12,1    0,0    0,0    3,5   12,9  13:51    251
 19    2,8    6,3  12:36    0,2  23:14   15,6    0,0    0,0    3,1   12,9  12:18    200
 20    4,3    9,2  13:42    0,3  02:32   14,1    0,0    0,0    3,0    9,7  12:40    105
 21    6,1   10,2  14:50    3,1  06:07   12,2    0,0    0,0    3,4   14,5  13:13    337
 22    8,5   13,4  12:52    3,7  00:05    9,8    0,0    0,0    3,5   16,1  12:04      4
 23   -0,6    5,4  00:00   -4,2  22:11   19,0    0,0    0,0    2,1   20,9  12:31    212
 24    0,6    8,2  14:14   -6,1  04:53   17,7    0,0    0,0    1,6    9,7  10:12    299
 25    7,6   14,1  13:07    1,4  00:00   10,7    0,0    0,0    3,6   20,9  13:03    350
 26   10,7   14,9  14:48    7,4  05:46    7,7    0,0    0,0    3,2    8,0  00:00     16
 27   10,8   16,3  15:16    5,9  23:58    7,6    0,0    0,0    3,7   17,7  12:16     45
 28    7,0   10,7  15:00    2,7  23:50   11,3    0,0    0,0    3,3   17,7  14:22     63
---------------------------------------------------------------------------------------
       4,1   16,3     27   -6,1     24  398,3    0,0  156,2    3,1   38,6     02    324
    
Updated: 10/11/2019 17:55:00