Malga Picotera

46° 01.32' N | 012° 22.30' E | 1038 metri | Mostra sulla Mappa

Sommario Climatico March 2019

10/12/2019 06:35:00 CET

Stazione: Vantage Pro2
Software: WeeWX v3.9.2
Weewx uptime: 8 Giorni, 15 Ore, 39 Minuti
Server uptime: 8 Giorni, 15 Ore, 33 Minuti
                   MONTHLY CLIMATOLOGICAL SUMMARY for mar 2019


NAME: Malga Picotera                  
ELEV: 1038 metri    LAT: 46-01.32 N    LONG: 012-22.30 E


                   TEMPERATURE (°C), RAIN (mm), WIND SPEED (km/h)

                                         HEAT   COOL         AVG
      MEAN                               DEG    DEG          WIND                   DOM
DAY   TEMP   HIGH   TIME    LOW   TIME   DAYS   DAYS   RAIN  SPEED   HIGH   TIME    DIR
---------------------------------------------------------------------------------------
 01    4,6    8,3  15:04    2,6  21:44   13,7    0,0    0,0    2,7   12,9  11:17     20
 02    6,0    9,9  14:04    2,6  23:44   12,3    0,0    0,0    3,7   17,7  14:17    214
 03    5,1   10,2  14:59    1,9  07:06   13,2    0,0    0,0    3,4   19,3  12:17    246
 04    3,6    6,7  12:31    1,5  06:48   14,8    0,0    5,8    2,7   19,3  18:58    287
 05    4,9    9,4  15:11    1,6  00:24   13,4    0,0    0,0    3,0   17,7  14:11    244
 06    4,6    8,8  13:30    0,9  05:41   13,8    0,0    0,0    2,5   19,3  13:58    229
 07    5,3    6,3  16:30    3,9  00:00   13,1    0,0    2,0    1,9   16,1  13:47    224
 08    5,9    9,6  15:13    3,9  05:08   12,4    0,0    0,0    2,4   17,7  12:15    213
 09    5,1    8,1  16:13    2,3  07:00   13,2    0,0    0,0    2,7   17,7  11:35    279
 10    4,3    6,2  09:12    2,4  06:35   14,0    0,0    0,0    1,9    8,0  02:07    336
 11    4,5   10,6  12:08   -0,2  23:17   13,8    0,0    0,0    3,3   25,7  14:08      4
 12    3,4   10,1  14:37   -0,8  05:19   15,0    0,0    0,0    3,2   27,4  15:37    198
 13    1,7    6,2  13:30   -1,3  22:00   16,6    0,0    0,0    2,3   17,7  10:31    245
 14    1,0    5,1  13:44   -2,2  06:32   17,3    0,0    0,0    2,5   14,5  11:42    262
 15    4,3    9,3  14:54   -0,6  01:06   14,0    0,0    0,0    3,2   19,3  14:35    277
 16    6,3   12,1  08:56    3,0  02:08   12,0    0,0    0,0    2,6   12,9  13:32    273
 17    5,6    8,6  10:41    3,1  04:33   12,8    0,0    8,6    2,0   14,5  11:42    104
 18    1,4    5,1  01:42   -2,2  23:59   17,0    0,0   14,0    2,5   19,3  07:56     40
 19    0,4    5,3  14:53   -3,0  01:16   17,9    0,0   12,8    2,8   19,3  15:19     34
 20    1,3    6,4  15:24   -2,6  06:43   17,0    0,0    3,0    3,4   24,1  11:30     20
 21    3,6    8,9  16:17   -1,3  00:28   14,7    0,0    0,0    3,3   19,3  11:27    310
 22    8,4   14,2  15:52    2,4  00:00   10,0    0,0    0,0    3,6   14,5  12:27    360
 23   10,8   16,5  15:57    6,0  06:15    7,6    0,0    0,0    3,8   17,7  14:22      4
 24   11,6   17,6  15:03    7,7  01:57    6,7    0,0    0,0    4,2   20,9  13:21     36
 25    8,4   14,5  15:08    1,6  23:57    9,9    0,0    7,0    3,6   24,1  20:30     84
 26    3,2    9,5  13:27   -0,8  03:11   15,1    0,0    0,6    2,9   25,7  13:44    234
 27    2,5    8,6  15:27   -1,2  03:56   15,8    0,0    0,0    3,0   24,1  14:04    247
 28    3,1    9,5  15:14   -1,6  05:45   15,3    0,0    0,0    3,3   25,7  11:39    236
 29    6,1   11,8  15:10    1,2  06:11   12,3    0,0    0,0    4,0   22,5  12:41    204
 30    7,7   14,2  15:44    2,8  03:34   10,6    0,0    0,0    3,8   16,1  13:03      1
 31   10,2   16,7  16:12    5,7  06:08    8,2    0,0    0,0    4,2   19,3  15:01     10
---------------------------------------------------------------------------------------
       5,0   17,6     24   -3,0     19  413,5    0,0   53,8    3,0   27,4     12    291
    
Updated: 10/11/2019 17:55:00