Malga Picotera

46° 01.32' N | 012° 22.30' E | 1038 metri | Mostra sulla Mappa

Sommario Climatico April 2019

10/12/2019 06:35:00 CET

Stazione: Vantage Pro2
Software: WeeWX v3.9.2
Weewx uptime: 8 Giorni, 15 Ore, 39 Minuti
Server uptime: 8 Giorni, 15 Ore, 33 Minuti
                   MONTHLY CLIMATOLOGICAL SUMMARY for apr 2019


NAME: Malga Picotera                  
ELEV: 1038 metri    LAT: 46-01.32 N    LONG: 012-22.30 E


                   TEMPERATURE (°C), RAIN (mm), WIND SPEED (km/h)

                                         HEAT   COOL         AVG
      MEAN                               DEG    DEG          WIND                   DOM
DAY   TEMP   HIGH   TIME    LOW   TIME   DAYS   DAYS   RAIN  SPEED   HIGH   TIME    DIR
---------------------------------------------------------------------------------------
 01   11,6   16,5  15:48    7,9  06:35    6,8    0,0    0,0    5,1   20,9  11:13     41
 02    9,9   14,5  14:33    6,3  23:54    8,5    0,0    0,0    3,9   22,5  16:03    308
 03    5,8    8,3  16:00    3,8  21:15   12,5    0,0    8,0    2,0   16,1  23:03    184
 04    5,5    6,7  19:27    3,8  02:02   12,9    0,0   95,4    5,3   46,7  17:56    188
 05    4,7    6,7  01:02    3,3  10:14   13,6    0,0  103,2    2,0   46,7  00:38    159
 06    3,8    5,3  18:19    2,8  06:48   14,6    0,0    0,6    0,9    8,0  10:58    209
 07    4,6    7,1  13:50    1,5  05:15   13,7    0,0    0,0    2,3   11,3  13:56    216
 08    6,6    8,8  12:35    4,1  00:02   11,7    0,0    5,4    2,8   12,9  19:45     17
 09    7,9   12,1  14:46    5,6  03:41   10,5    0,0    5,4    2,9   16,1  14:36      5
 10    6,8   11,7  15:07    3,1  18:53   11,5    0,0   50,8    2,4   14,5  14:59     21
 11    5,3    6,8  12:37    3,8  17:15   13,1    0,0   43,8    1,5   14,5  15:34     19
 12    4,3    5,3  10:25    2,7  20:53   14,1    0,0    0,6    0,8    9,7  10:41    205
 13    3,2    4,6  12:57    1,7  05:11   15,2    0,0    1,8    0,6    8,0  11:20    194
 14    3,1    6,3  17:07    1,6  02:48   15,3    0,0    2,6    2,2   16,1  06:14    339
 15    5,9   10,9  13:47    2,9  00:03   12,4    0,0    4,0    3,1   19,3  13:48     24
 16    6,8   12,4  16:28    2,1  06:17   11,5    0,0    0,0    3,7   20,9  12:58    180
 17    8,9   14,3  15:52    4,4  05:00    9,5    0,0    0,0    3,8   20,9  15:47     18
 18    8,9   14,5  16:27    4,3  06:28    9,4    0,0    0,2    3,7   19,3  11:29    205
 19    9,5   14,9  16:12    4,4  06:16    8,8    0,0    0,0    3,9   25,7  15:16    200
 20   11,8   17,8  15:49    7,6  06:13    6,5    0,0    0,0    4,3   27,4  13:53    308
 21   11,1   16,8  15:25    6,9  23:11    7,3    0,0    0,0    3,7   22,5  15:05    285
 22    8,2   13,5  14:41    3,9  06:27   10,1    0,0    0,0    3,2   25,7  14:51    267
 23    7,0    8,4  23:01    5,8  09:41   11,4    0,0   61,4    4,2   19,3  07:09     23
 24    9,0   10,7  15:09    8,2  05:28    9,4    0,0   39,4    2,2   27,4  09:48    200
 25    9,4   12,6  14:20    6,4  06:22    8,9    0,0    3,0    2,8   20,9  14:22    360
 26    9,1   14,4  11:54    3,8  23:56    9,3    0,0   24,2    3,1   22,5  20:47     53
 27    7,4   13,6  17:11    2,9  02:47   10,9    0,0    0,4    3,4   24,1  12:32    332
 28    2,6    6,3  04:24    0,2  16:56   15,8    0,0   45,8    4,0   17,7  09:01     23
 29    3,3    8,8  16:38    0,4  07:15   15,1    0,0   57,0    2,2   19,3  03:26    358
 30    6,6   10,8  14:30    2,6  01:11   11,7    0,0    4,2    3,4   16,1  13:24    333
---------------------------------------------------------------------------------------
       6,9   17,8     20    0,2     28  341,7    0,0  557,2    3,0   46,7     04      3
    
Updated: 10/11/2019 17:55:00