Malga Picotera

46° 01.32' N | 012° 22.30' E | 1038 metri | Mostra sulla Mappa

Sommario Climatico May 2019

20/08/2019 05:10:00 CEST

Stazione: Vantage Pro2
Software: WeeWX v3.8.0
Weewx uptime: 4 Giorni, 18 Ore, 29 Minuti
Server uptime: 4 Giorni, 18 Ore, 13 Minuti
                   MONTHLY CLIMATOLOGICAL SUMMARY for mag 2019


NAME: Malga Picotera                  
ELEV: 1038 metri    LAT: 46-01.32 N    LONG: 012-22.30 E


                   TEMPERATURE (°C), RAIN (mm), WIND SPEED (km/h)

                                         HEAT   COOL         AVG
      MEAN                               DEG    DEG          WIND                   DOM
DAY   TEMP   HIGH   TIME    LOW   TIME   DAYS   DAYS   RAIN  SPEED   HIGH   TIME    DIR
---------------------------------------------------------------------------------------
 01    9,4   15,6  15:56    4,7  00:51    9,0    0,0    0,0    4,0   22,5  14:34    271
 02    9,7   13,8  17:09    6,3  05:55    8,6    0,0    0,0    3,6   25,7  14:02    246
 03    6,7    8,7  00:00    5,1  21:16   11,6    0,0   29,2    1,5    9,7  12:59    340
 04    5,8    7,3  10:55    4,4  04:04   12,5    0,0   20,2    1,3    8,0  10:28    322
 05    1,8    5,6  00:00    0,3  11:47   16,6    0,0   61,0    3,9   19,3  07:24     22
 06    3,8    8,2  13:12    0,3  00:00   14,5    0,0   36,6    2,6   19,3  13:30     58
 07    3,1    4,7  16:16    0,6  03:46   15,3    0,0    0,2    1,7   14,5  11:39    352
 08    4,9    7,2  14:23    3,4  06:33   13,4    0,0    4,8    1,5   17,7  12:26    261
 09    5,8    7,8  17:49    3,9  06:24   12,6    0,0   13,2    1,3   14,5  04:19    175
 10    8,4   11,2  15:09    6,1  03:02    9,9    0,0    0,2    1,4   12,9  15:21    199
 11    9,0   11,3  16:58    4,3  23:38    9,3    0,0   33,8    2,0   17,7  23:10    102
 12    5,5    7,8  23:07    4,1  00:37   12,8    0,0   63,0    5,3   17,7  00:02     27
 13    8,1   12,1  11:12    6,6  07:19   10,2    0,0   10,2    4,3   14,5  02:32     22
 14    4,9    8,2  01:09   -0,2  23:28   13,4    0,0    1,4    1,9   16,1  06:11    228
 15    4,1    9,0  14:58    0,3  00:00   14,2    0,0    5,2    1,3   14,5  12:45    218
 16    6,3    9,7  15:59    3,7  03:48   12,0    0,0    0,0    1,3   11,3  14:38    211
 17    7,3   10,2  17:55    5,4  03:33   11,0    0,0    0,0    1,7   17,7  12:49    194
 18    7,5    8,9  12:05    6,4  20:33   10,8    0,0   66,2    4,0   14,5  13:55     15
 19    8,1    9,4  17:25    7,1  21:54   10,2    0,0   32,4    1,9   14,5  03:05     20
 20    7,7    8,6  12:12    6,9  02:55   10,7    0,0   62,0    1,3   20,9  20:40    196
 21    8,2    9,3  18:01    6,6  03:48   10,1    0,0    2,8    0,8   12,9  14:56    173
 22    9,5   12,3  17:00    7,2  05:29    8,9    0,0    1,6    1,5    9,7  14:04    193
 23   11,0   15,6  15:22    6,9  06:09    7,3    0,0    0,2    2,5   19,3  15:23    249
 24   12,3   15,9  13:49    8,2  05:52    6,0    0,0    0,4    2,4   16,1  13:39    174
 25   12,7   17,4  15:50   10,8  11:41    5,6    0,0    1,2    2,4   16,1  16:03    191
 26   12,9   18,1  16:38   10,2  04:50    5,4    0,0    0,0    2,6   25,7  16:59    197
 27    9,7   10,7  00:00    8,6  11:49    8,7    0,0   31,6    1,2   11,3  10:33    339
 28    9,8   12,2  15:22    7,6  23:58    8,5    0,0   49,2    1,2    9,7  12:19    269
 29    8,1   10,5  16:55    6,1  01:49   10,2    0,0   22,6    3,0   17,7  01:46     21
 30    8,9   10,3  12:13    6,9  04:41    9,5    0,0    0,0    1,8    8,0  09:16    227
 31   11,7   18,2  16:56    6,3  04:15    6,6    0,0    0,0    3,7   19,3  14:22    198
---------------------------------------------------------------------------------------
       7,8   18,2     31   -0,2     14  325,4    0,0  549,2    2,3   25,7     02    341
    
Updated: 01/06/2019 00:00:00