Malga Picotera

46° 01.32' N | 012° 22.30' E | 1038 metri | Mostra sulla Mappa

Sommario Climatico June 2019

10/12/2019 06:40:00 CET

Stazione: Vantage Pro2
Software: WeeWX v3.9.2
Weewx uptime: 8 Giorni, 15 Ore, 44 Minuti
Server uptime: 8 Giorni, 15 Ore, 38 Minuti
                   MONTHLY CLIMATOLOGICAL SUMMARY for giu 2019


NAME: Malga Picotera                  
ELEV: 1038 metri    LAT: 46-01.32 N    LONG: 012-22.30 E


                   TEMPERATURE (°C), RAIN (mm), WIND SPEED (km/h)

                                         HEAT   COOL         AVG
      MEAN                               DEG    DEG          WIND                   DOM
DAY   TEMP   HIGH   TIME    LOW   TIME   DAYS   DAYS   RAIN  SPEED   HIGH   TIME    DIR
---------------------------------------------------------------------------------------
 01   15,4   21,7  16:58   10,1  03:01    3,0    0,0    0,0    4,1   19,3  15:24    223
 02   17,3   23,1  16:12   12,8  06:07    1,0    0,0    1,6    3,8   20,9  13:52     66
 03   16,8   22,1  14:43   12,9  01:58    1,5    0,0    0,8    3,6   17,7  13:27    347
 04   17,8   23,3  15:04   14,3  03:24    0,5    0,0    0,0    2,7   19,3  14:13    206
 05   15,1   16,3  09:05   13,4  23:53    3,2    0,0    0,0    1,7   12,9  14:11    200
 06   13,5   15,8  16:23   10,3  23:31    4,9    0,0    1,2    2,0   11,3  13:54    174
 07   14,0   19,8  15:48   10,1  04:53    4,3    0,0    0,0    3,4   20,9  14:54    157
 08   16,4   22,3  16:58   12,1  03:29    1,9    0,0    0,0    3,5   19,3  13:31    281
 09   17,8   23,5  15:22   13,1  04:01    0,6    0,0    0,0    3,5   17,7  15:25    270
 10   19,8   23,8  13:50   16,3  01:34    0,0    1,4    0,0    2,7   12,9  13:54     20
 11   20,7   25,3  15:54   17,6  07:02    0,0    2,4    0,0    3,6   19,3  14:05     22
 12   19,5   24,3  15:07   16,9  05:28    0,0    1,2    0,0    4,0   22,5  09:41     24
 13   18,2   23,9  16:51   14,7  06:25    0,1    0,0    0,0    3,2   19,3  13:44     45
 14   19,7   25,1  17:11   15,4  04:51    0,0    1,3    0,0    3,1   16,1  16:16     15
 15   20,9   26,5  14:02   15,3  05:59    0,0    2,5    0,6    3,4   17,7  13:40     82
 16   19,6   25,4  16:07   15,7  04:51    0,0    1,2    0,0    3,5   19,3  13:56     96
 17   18,9   24,1  14:40   16,0  23:58    0,0    0,6    0,0    3,3   30,6  15:01    284
 18   18,3   23,8  15:58   14,2  03:13    0,0    0,0    0,0    3,4   25,7  15:05    205
 19   18,0   22,8  16:26   15,2  02:04    0,3    0,0    0,2    2,8   19,3  12:53    157
 20   18,2   24,4  17:09   14,4  04:04    0,1    0,0    0,0    3,4   19,3  13:22    224
 21   18,5   25,3  14:39   14,7  02:54    0,0    0,2    0,2    3,4   24,1  15:51    309
 22   15,3   19,1  14:29   12,3  23:29    3,1    0,0   15,8    3,7   14,5  09:50     21
 23   16,5   22,8  17:14   11,8  05:56    1,8    0,0    0,0    3,0   14,5  11:53    288
 24   19,3   25,3  16:46   15,1  03:56    0,0    1,0    0,0    3,4   19,3  13:33    225
 25   20,4   25,1  17:43   16,8  05:00    0,0    2,1    0,0    3,1   17,7  12:46    217
 26   22,4   28,3  16:17   17,9  04:42    0,0    4,1    0,0    3,5   19,3  15:45    262
 27   25,0   29,9  16:26   20,7  03:24    0,0    6,7    0,0    3,4   14,5  13:28    339
 28   23,3   27,8  15:32   19,6  22:23    0,0    5,0    0,0    3,6   20,9  14:46    223
 29   20,0   25,4  15:53   16,3  05:34    0,0    1,7    0,0    3,2   20,9  15:08    206
 30   21,5   27,5  17:10   16,7  02:29    0,0    3,2    0,0    3,7   17,7  15:00    276
---------------------------------------------------------------------------------------
      18,6   29,9     27   10,1     01   26,5   34,6   20,4    3,3   30,6     17    265
    
Updated: 10/11/2019 17:55:00