Malga Picotera

46° 01.32' N | 012° 22.30' E | 1038 metri | Mostra sulla Mappa

Sommario Climatico July 2019

20/08/2019 05:35:00 CEST

Stazione: Vantage Pro2
Software: WeeWX v3.8.0
Weewx uptime: 4 Giorni, 18 Ore, 54 Minuti
Server uptime: 4 Giorni, 18 Ore, 38 Minuti
                   MONTHLY CLIMATOLOGICAL SUMMARY for lug 2019


NAME: Malga Picotera                  
ELEV: 1038 metri    LAT: 46-01.32 N    LONG: 012-22.30 E


                   TEMPERATURE (°C), RAIN (mm), WIND SPEED (km/h)

                                         HEAT   COOL         AVG
      MEAN                               DEG    DEG          WIND                   DOM
DAY   TEMP   HIGH   TIME    LOW   TIME   DAYS   DAYS   RAIN  SPEED   HIGH   TIME    DIR
---------------------------------------------------------------------------------------
 01   21,2   26,9  16:55   15,7  22:07    0,0    2,9    2,4    3,8   19,3  17:29    280
 02   20,4   27,1  14:34   15,3  23:56    0,0    2,1    5,2    3,7   20,9  12:49     12
 03   18,0   26,2  14:03   13,4  18:31    0,4    0,0   14,2    4,2   29,0  12:56     29
 04   18,0   23,2  13:18   14,3  02:21    0,3    0,0    0,0    3,3   20,9  14:06    317
 05   19,2   24,9  16:57   14,6  05:33    0,0    0,9    0,0    3,5   19,3  13:48    237
 06   19,4   25,3  15:37   13,8  19:06    0,0    1,0   64,0    3,6   20,9  13:09    226
 07   17,2   19,9  10:05   14,2  23:38    1,1    0,0    4,4    3,0   11,3  12:23     41
 08   17,1   22,6  17:22   13,7  06:05    1,3    0,0   13,8    3,8   22,5  17:14     27
 09   15,6   19,7  14:20   12,2  04:42    2,7    0,0    0,0    2,5   14,5  15:13     65
 10   15,2   19,4  14:17   12,1  22:15    3,1    0,0    0,0    2,7   17,7  13:40    187
 11   13,5   16,2  15:37   11,2  02:39    4,8    0,0   10,6    1,8   12,9  11:35    184
 12   13,8   19,9  15:34   10,4  04:39    4,5    0,0    3,0    3,1   14,5  14:49     12
 13   14,7   20,1  16:33   11,5  06:04    3,6    0,0    0,8    3,2   14,5  12:39     14
 14   15,3   20,6  16:31   11,7  04:52    3,0    0,0    0,0    3,4   19,3  16:34    281
 15   14,6   17,9  15:23   12,1  23:58    3,7    0,0    1,0    3,3   14,5  12:53      1
 16   15,8   22,2  17:00   10,7  03:42    2,5    0,0    0,0    3,8   20,9  13:20    168
 17   17,3   22,6  14:55   13,8  05:46    1,1    0,0    0,0    3,4   19,3  14:35    271
 18   16,4   19,9  15:41   13,3  05:19    1,9    0,0    1,2    3,0   14,5  12:07    247
 19   17,4   22,6  14:36   13,5  04:35    1,0    0,0    0,8    3,3   19,3  12:50    254
 20   18,4   22,9  15:39   15,2  05:05    0,0    0,0    0,0    2,9   19,3  13:11    215
 21   18,8   22,6  17:30   14,2  04:34    0,0    0,5    1,4    2,7   14,5  14:18    244
 22   21,2   25,9  15:49   18,0  02:34    0,0    2,8    0,0    3,2   17,7  15:05    213
 23   21,7   27,2  15:57   17,4  05:15    0,0    3,3    0,0    3,5   19,3  13:51    209
 24   22,5   28,2  16:39   18,9  04:56    0,0    4,2    0,0    3,5   20,9  16:03    202
 25   22,9   28,5  15:56   19,4  04:24    0,0    4,6    0,0    3,2   19,3  12:58    276
 26   20,2   26,4  15:21   14,5  22:49    0,0    1,9   72,8    4,4   25,7  21:40     27
 27   17,0   21,9  16:36   14,7  23:28    1,3    0,0    0,2    2,5   19,3  18:04     37
 28   15,1   16,4  18:46   13,9  09:23    3,2    0,0    3,4    1,5   11,3  04:18     28
 29   18,2   22,8  15:36   14,9  07:46    0,1    0,0    0,6    2,6   14,5  14:24    204
 30   19,3   22,2  11:16   16,1  01:22    0,0    1,0    3,8    1,9   14,5  15:36    243
 31   18,7   24,1  17:32   14,8  03:16    0,0    0,4    0,0    2,8   12,9  17:41     11
---------------------------------------------------------------------------------------
      17,9   28,5     25   10,4     12   39,7   25,7  203,6    3,1   29,0     03    264
    
Updated: 01/08/2019 00:00:00