Malga Picotera

46° 01.32' N | 012° 22.30' E | 1038 metri | Mostra sulla Mappa

Sommario Climatico September 2019

22/04/2024 09:05:00 CEST

Stazione: Vantage Pro2
Software: WeeWX v4.9.1
Weewx uptime: 8 days, 9 hours, 56 minutes
Server uptime: 8 days, 9 hours, 58 minutes
                   MONTHLY CLIMATOLOGICAL SUMMARY for set 2019


NAME: Malga Picotera                  
ELEV: 1038 metri    LAT: 46-01.32 N    LONG: 012-22.30 E


                   TEMPERATURE (°C), RAIN (mm), WIND SPEED (km/h)

                                         HEAT   COOL         AVG
      MEAN                               DEG    DEG          WIND                   DOM
DAY   TEMP   HIGH   TIME    LOW   TIME   DAYS   DAYS   RAIN  SPEED   HIGH   TIME    DIR
---------------------------------------------------------------------------------------
 01   19,9   25,3  16:15   16,2  04:00    0,0    1,6    0,0    3,2   20,9  15:42    309
 02   17,2   22,3  17:11   14,7  14:37    1,1    0,0    1,8    2,9   14,5  15:46      7
 03   14,9   19,7  16:24   11,8  06:54    3,5    0,0    0,0    2,5   20,9  15:17    227
 04   14,5   20,4  16:57   10,5  03:47    3,8    0,0    0,0    2,4   17,7  15:01    217
 05   17,0   22,7  15:40   12,4  02:16    1,4    0,0    0,0    2,9   17,7  12:41    360
 06   12,7   15,7  01:21   10,1  23:59    5,6    0,0   25,4    3,6   19,3  04:18      7
 07   12,1   17,3  14:13    9,4  05:04    6,2    0,0    0,4    2,1   17,7  13:39     10
 08   10,3   12,4  14:30    7,2  23:51    8,0    0,0   32,2    3,0   16,1  23:33     22
 09    9,6   15,1  15:27    5,8  03:30    8,8    0,0    0,4    3,2   17,7  14:01     99
 10   11,9   18,3  16:39    8,4  07:09    6,4    0,0    2,0    2,5   20,9  15:53    134
 11   13,4   18,8  16:14    9,1  06:08    5,0    0,0    0,0    3,2   19,3  13:45    315
 12   15,6   21,1  15:55   11,8  03:22    2,8    0,0    0,0    3,4   19,3  12:59    217
 13   16,1   21,8  16:47   12,1  06:36    2,2    0,0    0,0    3,0   17,7  13:44    200
 14   16,1   20,6  13:32   12,8  06:40    2,2    0,0    0,0    2,9   19,3  11:52    296
 15   16,2   20,3  17:04   12,9  04:56    2,2    0,0    0,0    2,1   16,1  11:55    263
 16   16,4   20,2  14:49   13,4  06:24    1,9    0,0    0,0    2,1   14,5  14:29    199
 17   16,5   18,6  11:27   14,6  06:57    1,8    0,0    0,0    1,3   14,5  14:03    211
 18   14,9   19,3  12:43   11,7  23:49    3,4    0,0    0,4    1,6   17,7  12:49    187
 19   12,1   17,5  15:15    7,7  23:59    6,2    0,0    0,0    1,4   22,5  13:52    207
 20    8,8   13,7  16:07    6,3  07:02    9,6    0,0    0,0    1,9   19,3  14:41    224
 21    9,9   15,8  16:12    5,7  02:06    8,5    0,0    0,0    2,8   20,9  12:46    231
 22    9,8   11,6  10:00    7,7  01:55    8,6    0,0    0,2    1,7    6,4  00:25      3
 23   10,9   12,6  15:10    8,9  00:06    7,4    0,0   23,4    1,5    8,0  15:18     24
 24   12,3   16,4  15:04    8,7  07:06    6,1    0,0    0,0    3,0   16,1  15:03     24
 25   11,1   13,5  14:36    7,8  21:27    7,3    0,0   20,0    1,7   17,7  15:08     44
 26   11,4   16,9  16:39    7,4  03:06    6,9    0,0    0,4    3,3   19,3  14:27    277
 27   12,0   15,0  14:01    9,6  05:26    6,4    0,0    0,2    1,5   11,3  13:41    256
 28   13,3   15,4  15:27   12,1  05:07    5,0    0,0    0,0    0,8   17,7  13:41    209
 29   13,4   16,1  16:40   10,7  07:01    4,9    0,0    0,2    1,8   16,1  16:31    239
 30   13,2   15,6  12:38   10,3  06:58    5,1    0,0    0,0    1,7   12,9  12:38     69
---------------------------------------------------------------------------------------
      13,5   25,3     01    5,7     21  148,2    1,6  107,0    2,4   22,5     19    269
    
Updated: 10/11/2019 17:55:00