MONTHLY CLIMATOLOGICAL SUMMARY for feb 2020 NAME: Malga Picotera ELEV: 1038 metri LAT: 46-01.32 N LONG: 012-22.30 E TEMPERATURE (°C), RAIN (mm), WIND SPEED (km/h) HEAT COOL AVG MEAN DEG DEG WIND DOM DAY TEMP HIGH TIME LOW TIME DAYS DAYS RAIN SPEED HIGH TIME DIR --------------------------------------------------------------------------------------- 01 2,5 6,8 14:19 -0,2 04:54 15,8 0,0 0,0 1,7 11,3 12:10 353 02 2,5 4,8 11:08 1,3 04:52 15,9 0,0 0,0 1,3 14,5 11:10 107 03 2,6 5,3 23:33 0,4 05:34 15,7 0,0 0,0 0,7 8,0 12:51 162 04 3,9 8,2 13:50 0,3 23:51 14,4 0,0 1,0 2,4 32,2 18:32 317 05 1,6 5,3 13:45 -0,7 04:21 16,8 0,0 0,0 2,7 32,2 12:40 4 06 1,1 5,3 15:03 -1,8 04:27 17,2 0,0 0,0 2,9 17,7 13:01 325 07 2,5 6,3 15:18 -0,1 07:45 15,8 0,0 0,0 2,3 12,9 13:10 340 08 1,2 5,4 14:41 -1,3 07:33 17,2 0,0 0,0 2,4 14,5 13:37 359 09 0,4 3,6 13:27 -2,0 07:01 18,0 0,0 0,0 1,7 17,7 13:41 225 10 1,8 3,8 16:40 0,5 23:50 16,5 0,0 0,0 1,4 25,7 14:07 204 11 4,3 8,2 15:59 0,3 01:30 14,0 0,0 0,0 2,3 19,3 21:21 336 12 3,3 7,5 14:08 0,2 03:32 15,0 0,0 0,0 2,9 17,7 14:41 327 13 2,2 6,9 12:25 -0,2 03:04 16,1 0,0 0,0 1,8 17,7 11:30 261 14 4,4 10,8 15:48 -0,2 05:20 13,9 0,0 3,6 2,3 17,7 11:30 358 15 3,5 8,1 15:42 0,8 23:20 14,8 0,0 0,0 2,7 16,1 14:04 316 16 2,9 5,9 12:35 0,9 06:37 15,5 0,0 0,0 1,6 16,1 13:52 289 17 3,1 4,2 10:26 1,7 07:36 15,3 0,0 0,2 0,3 8,0 17:42 188 18 5,0 9,7 11:41 2,2 05:44 13,4 0,0 0,4 1,6 19,3 12:03 178 19 3,5 7,7 13:16 1,3 23:58 14,9 0,0 0,0 2,8 25,7 13:36 5 20 1,8 6,6 15:08 -1,6 06:15 16,6 0,0 0,8 2,6 22,5 13:44 210 21 2,1 7,1 15:01 -1,3 07:12 16,3 0,0 0,0 2,4 12,9 12:24 64 22 3,6 7,1 13:24 0,8 06:53 14,8 0,0 0,0 2,4 20,9 14:24 178 23 2,4 5,8 11:34 0,8 07:05 16,0 0,0 0,0 1,6 14,5 12:20 93 24 5,6 10,3 14:46 0,9 03:39 12,7 0,0 0,0 1,4 14,5 14:08 207 25 4,5 5,6 11:15 4,1 18:18 13,9 0,0 0,0 0,4 11,3 12:14 198 26 2,5 6,8 11:03 -1,5 23:45 15,8 0,0 2,0 1,7 20,9 12:36 35 27 0,5 4,3 12:30 -2,7 03:33 17,8 0,0 1,4 1,6 25,7 12:40 197 28 2,6 8,4 15:05 -1,3 01:02 15,8 0,0 0,2 3,0 24,1 15:08 42 29 2,6 5,6 11:58 0,1 06:50 15,7 0,0 0,0 1,1 14,5 12:12 205 --------------------------------------------------------------------------------------- 2,8 10,8 14 -2,7 27 451,5 0,0 9,6 1,9 32,2 04 320 Updated: 01/03/2020 00:00:00