Malga Picotera

46° 01.32' N | 012° 22.30' E | 1038 metri | Mostra sulla Mappa

Sommario Climatico March 2020

22/04/2024 08:15:00 CEST

Stazione: Vantage Pro2
Software: WeeWX v4.9.1
Weewx uptime: 8 days, 9 hours, 6 minutes
Server uptime: 8 days, 9 hours, 8 minutes
                   MONTHLY CLIMATOLOGICAL SUMMARY for mar 2020


NAME: Malga Picotera                  
ELEV: 1038 metri    LAT: 46-01.32 N    LONG: 012-22.30 E


                   TEMPERATURE (°C), RAIN (mm), WIND SPEED (km/h)

                                         HEAT   COOL         AVG
      MEAN                               DEG    DEG          WIND                   DOM
DAY   TEMP   HIGH   TIME    LOW   TIME   DAYS   DAYS   RAIN  SPEED   HIGH   TIME    DIR
---------------------------------------------------------------------------------------
 01    2,8    4,2  15:40    1,3  02:25   15,5    0,0   34,4    0,5    9,7  11:48     33
 02    2,4    4,9  22:44    0,2  07:00   16,0    0,0   52,8    2,8   30,6  17:57     14
 03    2,6    4,8  01:50    1,1  19:37   15,7    0,0   11,6    2,3   27,4  04:55     21
 04    1,2    4,9  16:11   -1,2  22:00   17,1    0,0    0,8    1,7   19,3  12:28    259
 05    0,4    3,4  12:04   -1,4  03:00   17,9    0,0    0,0    1,1   17,7  13:23    219
 06    1,4    4,6  10:51   -0,3  02:01   17,0    0,0   18,4    0,6   11,3  12:24     73
 07    3,3    7,1  15:10    0,1  23:59   15,0    0,0    0,4    2,8   17,7  11:13    345
 08    2,1    7,1  15:02   -1,3  06:33   16,2    0,0    0,0    2,9   22,5  11:30    181
 09    2,9    5,0  19:09   -0,4  06:31   15,5    0,0    0,0    2,0   16,1  11:39    328
 10    3,9    7,6  15:18    1,8  23:54   14,4    0,0    0,0    1,8   20,9  14:06    249
 11    5,1    9,8  15:35    1,6  06:22   13,2    0,0    0,0    2,4   16,1  13:01    217
 12    5,4    9,7  15:09    2,6  06:23   13,0    0,0    0,0    2,7   17,7  12:26    252
 13    6,0    7,8  13:05    3,4  00:00   12,4    0,0    0,0    1,3   16,1  18:46    217
 14    3,2    5,9  00:19    0,6  22:58   15,1    0,0    4,4    0,5    9,7  00:36    328
 15    2,2    7,2  16:10   -0,4  05:45   16,2    0,0    0,2    2,5   24,1  14:22    252
 16    2,9    8,6  15:18   -1,2  05:46   15,5    0,0    0,0    2,5   17,7  13:38    262
 17    5,4   10,2  14:24    0,9  02:26   13,0    0,0    0,0    3,0   17,7  13:09    345
 18    9,3   14,2  14:59    6,4  23:51    9,0    0,0    0,0    3,6   22,5  12:55    327
 19    8,9   14,4  15:06    5,0  05:48    9,5    0,0    0,0    3,4   22,5  12:20    285
 20    7,9   11,9  15:12    5,3  06:34   10,4    0,0    0,0    2,5   17,7  16:05    234
 21    7,0   10,2  14:22    4,3  05:10   11,4    0,0    0,0    1,7   14,5  13:20    195
 22    2,9    6,7  14:22   -2,9  23:59   15,4    0,0    0,6    1,4   19,3  14:04    216
 23   -1,8    3,8  15:06   -4,8  06:26   20,1    0,0    0,0    2,0   24,1  13:15    214
 24   -1,4    3,7  12:31   -5,8  05:05   19,7    0,0    0,0    2,0   25,7  09:07    229
 25   -1,3    3,0  13:18   -4,2  22:06   19,6    0,0    0,0    2,3   27,4  11:00    177
 26    0,7    3,6  14:42   -3,2  00:00   17,6    0,0    1,6    2,0   19,3  09:53    272
 27    5,1    8,7  16:22    3,1  07:33   13,2    0,0    0,0    1,5   20,9  12:19    205
 28    6,9   13,1  14:22    2,1  04:23   11,4    0,0    0,0    3,5   20,9  14:35    191
 29    7,8   12,6  15:26    4,8  06:50   10,5    0,0    0,2    2,7   17,7  15:38    112
 30    3,0    6,1  01:56   -1,0  23:40   15,3    0,0    6,2    0,9   11,3  19:50     19
 31   -1,4    1,9  17:49   -4,8  07:43   19,7    0,0    1,4    1,1   16,1  14:36    194
---------------------------------------------------------------------------------------
       3,4   14,4     19   -5,8     24  461,6    0,0  133,0    2,1   30,6     02    245
    
Updated: 01/04/2020 00:00:00