Malga Picotera

46° 01.32' N | 012° 22.30' E | 1038 metri | Mostra sulla Mappa

Sommario Climatico June 2020

08/12/2022 08:00:00 CET

Stazione: Vantage Pro2
Software: WeeWX v4.5.1
Weewx uptime: 8 days, 10 hours, 4 minutes
Server uptime: 8 days, 10 hours, 4 minutes
                   MONTHLY CLIMATOLOGICAL SUMMARY for giu 2020


NAME: Malga Picotera                  
ELEV: 1038 metri    LAT: 46-01.32 N    LONG: 012-22.30 E


                   TEMPERATURE (°C), RAIN (mm), WIND SPEED (km/h)

                                         HEAT   COOL         AVG
      MEAN                               DEG    DEG          WIND                   DOM
DAY   TEMP   HIGH   TIME    LOW   TIME   DAYS   DAYS   RAIN  SPEED   HIGH   TIME    DIR
---------------------------------------------------------------------------------------
 01   12,8   18,7  14:35    8,5  03:34    5,5    0,0    0,0    3,0   19,3  15:09    192
 02   12,9   20,1  14:44   10,2  03:19    5,5    0,0    5,0    3,5   19,3  15:10     31
 03   13,0   17,8  16:30    8,9  04:18    5,3    0,0    0,6    2,4   20,9  21:31    305
 04   10,6   12,1  00:00    9,2  21:57    7,7    0,0   68,2    2,6   25,7  21:20    185
 05   10,9   14,7  17:01    8,2  06:44    7,4    0,0   33,2    2,0   17,7  03:37    223
 06   12,1   14,7  13:09   10,0  04:30    6,2    0,0    2,4    1,5   20,9  12:08    174
 07   11,8   15,1  11:06   10,6  15:43    6,5    0,0   64,2    2,3   14,5  15:54     24
 08   11,5   13,7  11:51   10,4  05:45    6,9    0,0   21,4    1,7   14,5  18:07    348
 09   11,4   14,1  17:33   10,1  23:09    6,9    0,0    8,2    1,3   11,3  12:31    262
 10    9,5   11,6  08:17    6,7  23:37    8,8    0,0   19,8    1,9    9,7  01:09      1
 11    9,0   13,4  15:45    6,1  03:13    9,3    0,0   26,0    2,3   14,5  16:05     26
 12   11,0   15,6  16:31    6,4  01:30    7,3    0,0    0,2    2,4   12,9  12:39     21
 13   13,7   17,8  16:47    9,7  03:42    4,6    0,0    0,2    2,3   14,5  15:08    330
 14   13,4   15,4  15:34   11,1  13:46    5,0    0,0   82,8    1,4   12,9  13:52     15
 15   12,9   14,1  13:25   11,9  07:20    5,4    0,0   13,6    1,2    8,0  12:42     16
 16   13,9   17,3  11:43   11,4  02:43    4,4    0,0    1,0    2,2   12,9  11:47     30
 17   14,0   18,2  16:27   10,5  23:27    4,3    0,0    1,8    1,9   17,7  12:16    191
 18   12,9   17,4  17:05    9,8  02:47    5,4    0,0    5,6    2,5   16,1  17:46    192
 19   12,4   16,8  15:41   10,1  23:59    5,9    0,0    8,4    1,8   12,9  15:05     56
 20   13,1   19,8  15:23    8,8  04:54    5,3    0,0    7,6    3,1   22,5  15:13     37
 21   14,7   19,3  16:00   10,5  02:51    3,6    0,0    0,0    3,1   14,5  14:52     75
 22   18,1   23,4  17:03   14,2  00:00    0,2    0,0    0,0    3,2   17,7  04:08    157
 23   18,7   23,9  16:08   14,6  04:38    0,0    0,3    0,0    3,5   20,9  12:15    211
 24   15,3   17,0  01:12   13,4  23:58    3,1    0,0    0,4    1,1    9,7  13:30    209
 25   14,0   16,7  14:56   12,3  01:39    4,3    0,0    0,0    1,7   11,3  15:23    179
 26   15,6   20,1  14:17   12,3  06:25    2,7    0,0    0,0    1,6   14,5  12:53    214
 27   18,0   22,8  17:02   14,2  00:34    0,3    0,0    0,0    2,2   16,1  12:56    219
 28   18,8   23,8  16:45   15,5  06:32    0,0    0,5    0,8    2,0   14,5  16:38    164
 29   17,5   21,8  13:12   14,7  15:16    0,8    0,0   14,2    2,7   20,9  12:19     33
 30   18,2   22,2  14:44   15,2  05:54    0,2    0,0    0,0    2,2   17,7  15:27    216
---------------------------------------------------------------------------------------
      13,7   23,9     23    6,1     11  138,9    0,8  385,6    2,2   25,7     04     20
    
Updated: 01/07/2020 00:00:00