MONTHLY CLIMATOLOGICAL SUMMARY for nov 2020 NAME: Malga Picotera ELEV: 1038 metri LAT: 46-01.32 N LONG: 012-22.30 E TEMPERATURE (°C), RAIN (mm), WIND SPEED (km/h) HEAT COOL AVG MEAN DEG DEG WIND DOM DAY TEMP HIGH TIME LOW TIME DAYS DAYS RAIN SPEED HIGH TIME DIR --------------------------------------------------------------------------------------- 01 10,1 13,5 09:52 7,7 22:34 8,2 0,0 0,0 1,9 8,0 11:31 223 02 7,3 10,8 09:23 5,6 19:36 11,0 0,0 0,0 0,6 8,0 09:27 318 03 6,6 10,5 23:39 5,2 04:22 11,8 0,0 0,0 0,3 6,4 09:15 26 04 10,5 13,9 11:35 8,2 23:51 7,8 0,0 0,0 1,4 24,1 11:27 266 05 8,9 12,1 14:04 5,8 23:46 9,4 0,0 0,0 0,9 16,1 14:23 210 06 8,5 12,4 13:39 5,7 07:18 9,8 0,0 0,2 2,3 12,9 12:15 341 07 9,6 14,7 14:15 6,7 06:32 8,7 0,0 0,0 2,8 11,3 13:13 12 08 8,7 12,5 15:43 6,1 06:46 9,7 0,0 0,0 2,4 9,7 10:44 16 09 8,9 12,8 14:39 6,4 04:38 9,4 0,0 0,0 2,5 9,7 12:07 324 10 9,2 13,7 11:50 6,4 06:54 9,1 0,0 0,0 2,4 9,7 12:32 22 11 6,8 9,9 11:07 3,8 19:39 11,6 0,0 0,0 1,4 9,7 13:12 10 12 4,5 8,3 15:40 2,5 23:43 13,9 0,0 0,0 0,9 12,9 11:05 211 13 3,8 7,9 12:25 1,5 06:35 14,5 0,0 0,0 0,8 14,5 11:54 216 14 4,6 8,8 15:23 3,1 07:34 13,7 0,0 0,2 0,7 12,9 14:24 190 15 5,0 8,5 12:39 3,1 23:37 13,3 0,0 0,0 1,1 9,7 12:05 127 16 6,2 11,7 14:24 2,6 22:59 12,1 0,0 11,4 1,4 8,0 13:13 15 17 5,4 9,7 14:47 2,4 04:37 12,9 0,0 0,0 2,6 12,9 12:43 352 18 8,3 13,6 15:42 3,4 00:24 10,0 0,0 0,0 2,6 9,7 13:38 1 19 7,7 11,3 11:20 4,7 20:35 10,6 0,0 0,0 2,3 11,3 13:56 78 20 3,4 7,7 13:39 -1,1 23:32 14,9 0,0 12,0 2,7 12,9 00:41 34 21 -0,0 3,8 13:50 -2,7 22:20 18,3 0,0 0,0 1,8 16,1 11:28 344 22 2,0 8,1 12:05 -2,5 03:24 16,3 0,0 0,0 1,8 11,3 10:25 11 23 2,5 5,6 21:11 -0,1 05:36 15,8 0,0 0,0 1,5 12,9 12:25 4 24 4,1 6,9 10:23 1,6 04:32 14,2 0,0 0,0 2,2 12,9 12:38 5 25 4,4 8,0 10:07 2,1 23:51 14,0 0,0 0,0 2,1 8,0 10:05 272 26 3,3 6,6 10:11 0,7 23:17 15,0 0,0 0,0 1,8 11,3 14:25 212 27 2,0 5,9 14:38 -0,3 06:55 16,3 0,0 0,0 1,8 11,3 11:49 225 28 3,3 6,9 14:52 -0,1 06:25 15,1 0,0 0,0 1,2 12,9 13:15 214 29 3,1 6,9 15:20 0,7 06:31 15,3 0,0 0,0 1,9 11,3 13:10 346 30 0,1 3,3 14:04 -2,8 23:39 18,3 0,0 0,0 0,9 11,3 11:39 213 --------------------------------------------------------------------------------------- 5,6 14,7 07 -2,8 30 381,2 0,0 23,8 1,7 24,1 04 343 Updated: 01/12/2020 00:00:00