Malga Picotera

46° 01.32' N | 012° 22.30' E | 1038 metri | Mostra sulla Mappa

Sommario Climatico January 2021

22/04/2024 07:30:00 CEST

Stazione: Vantage Pro2
Software: WeeWX v4.9.1
Weewx uptime: 8 days, 8 hours, 21 minutes
Server uptime: 8 days, 8 hours, 23 minutes
                   MONTHLY CLIMATOLOGICAL SUMMARY for gen 2021


NAME: Malga Picotera                  
ELEV: 1038 metri    LAT: 46-01.32 N    LONG: 012-22.30 E


                   TEMPERATURE (°C), RAIN (mm), WIND SPEED (km/h)

                                         HEAT   COOL         AVG
      MEAN                               DEG    DEG          WIND                   DOM
DAY   TEMP   HIGH   TIME    LOW   TIME   DAYS   DAYS   RAIN  SPEED   HIGH   TIME    DIR
---------------------------------------------------------------------------------------
 01   -0,4    1,5  17:44   -2,2  07:36   18,7    0,0    0,0    0,5   16,1  17:11     63
 02    1,0    1,7  02:41    0,3  00:00   17,3    0,0   26,4    2,9   16,1  22:49     20
 03    1,1    3,1  14:32    0,2  22:48   17,2    0,0   29,6    1,4   12,9  01:51     22
 04   -0,1    1,4  14:04   -1,1  07:18   18,4    0,0    2,2    1,0    8,0  14:05     20
 05   -0,5    1,3  11:46   -1,6  04:12   18,9    0,0    1,8    0,5   11,3  19:50    353
 06   -1,7   -0,1  11:19   -4,0  22:21   20,0    0,0    0,0    0,2    8,0  15:17    135
 07   -2,8    0,2  12:30   -5,1  07:05   21,1    0,0    4,6    1,5   11,3  12:50     17
 08   -3,2    1,7  12:32   -6,2  23:55   21,5    0,0    5,6    2,4   11,3  12:20     25
 09   -3,6   -0,1  12:10   -6,6  05:34   21,9    0,0    1,8    1,9    6,4  03:16     18
 10   -3,9   -1,7  14:24   -7,2  22:39   22,3    0,0    0,0    1,2    6,4  00:36     14
 11   -5,0   -0,4  14:50   -7,4  06:58   23,4    0,0    1,0    2,1   16,1  13:13      1
 12   -2,8    1,7  12:48   -6,5  00:00   21,1    0,0    1,6    1,7    8,0  06:28    343
 13    0,4    5,6  10:24   -3,2  00:01   17,9    0,0    3,6    2,1   12,9  11:39    341
 14   -0,7    4,2  12:26   -4,2  04:41   19,0    0,0    1,2    1,0   16,1  14:26    192
 15   -3,2   -0,2  14:26   -6,2  23:59   21,5    0,0    0,0    0,8   16,1  12:09    210
 16   -4,7   -1,2  12:50   -7,5  07:41   23,0    0,0    0,0    1,9   16,1  12:52    297
 17   -4,5   -3,0  13:40   -6,1  07:43   22,9    0,0    0,0    0,5    8,0  13:22    128
 18   -2,1    2,6  12:21   -5,4  06:58   20,4    0,0    0,0    1,4   12,9  13:32    325
 19   -3,2   -0,7  12:25   -4,9  07:17   21,5    0,0    0,0    1,2   16,1  13:03    258
 20   -1,4    1,6  22:46   -5,1  02:32   19,8    0,0    0,0    1,1   16,1  16:31    253
 21    2,2    3,3  23:03    0,9  04:37   16,1    0,0   10,2    0,5   14,5  22:31    171
 22    3,7    4,9  20:59    2,6  05:09   14,6    0,0   77,8    3,2   46,7  22:47    217
 23    1,0    4,7  00:00   -1,5  23:06   17,3    0,0   18,2    1,6   38,6  00:09    214
 24   -2,4    0,8  13:28   -5,5  20:46   20,7    0,0    0,4    1,4    9,7  13:35     43
 25   -2,6    0,3  11:41   -5,6  02:09   20,9    0,0    1,6    2,5    8,0  00:00     21
 26   -1,6    2,2  12:35   -4,5  07:26   19,9    0,0    4,2    1,9   19,3  09:45     10
 27   -2,2    0,4  10:38   -4,5  07:16   20,5    0,0    0,2    1,9   16,1  02:00     21
 28   -3,1   -0,3  09:58   -4,9  05:25   21,4    0,0    0,4    1,5    9,7  11:52    350
 29   -0,4    5,9  22:45   -4,7  00:09   18,7    0,0    1,2    1,2   12,9  12:31    343
 30    3,9    9,7  11:57    1,7  23:53   14,4    0,0    1,8    1,8   12,9  12:48     18
 31    1,9    4,8  14:55    0,6  20:46   16,4    0,0   50,6    2,0   16,1  10:00     11
---------------------------------------------------------------------------------------
      -1,3    9,7     30   -7,5     16  608,9    0,0  246,0    1,5   46,7     22     11
    
Updated: 01/02/2021 00:00:00