MONTHLY CLIMATOLOGICAL SUMMARY for feb 2021 NAME: Malga Picotera ELEV: 1038 metri LAT: 46-01.32 N LONG: 012-22.30 E TEMPERATURE (°C), RAIN (mm), WIND SPEED (km/h) HEAT COOL AVG MEAN DEG DEG WIND DOM DAY TEMP HIGH TIME LOW TIME DAYS DAYS RAIN SPEED HIGH TIME DIR --------------------------------------------------------------------------------------- 01 0,5 3,0 11:52 -1,4 23:49 17,8 0,0 0,0 0,7 8,0 12:18 216 02 -0,2 3,3 11:28 -1,9 04:31 18,5 0,0 0,4 0,6 11,3 11:30 206 03 1,7 3,3 19:10 -0,1 00:00 16,6 0,0 0,8 0,2 12,9 15:11 170 04 2,6 5,1 11:48 0,8 07:12 15,7 0,0 0,2 0,5 8,0 10:06 176 05 3,8 6,7 13:05 2,6 20:09 14,5 0,0 0,0 0,3 11,3 12:49 205 06 3,6 4,7 13:56 2,8 04:40 14,7 0,0 0,2 0,3 4,8 09:19 267 07 5,4 6,7 10:11 3,6 21:39 13,0 0,0 58,0 3,0 29,0 09:51 208 08 2,0 4,2 00:00 0,5 22:42 16,4 0,0 7,0 1,1 22,5 04:09 177 09 2,3 4,7 12:28 0,7 00:37 16,1 0,0 1,8 0,5 9,7 12:03 175 10 2,6 4,2 12:29 1,6 08:03 15,7 0,0 24,4 0,8 20,9 02:56 206 11 -0,1 2,6 10:31 -4,1 23:26 18,4 0,0 0,0 0,8 16,1 15:30 291 12 -6,7 -3,8 00:07 -8,8 23:44 25,1 0,0 0,0 0,1 8,0 14:41 203 13 -7,9 -3,3 15:43 -11,1 07:46 26,2 0,0 0,0 1,4 20,9 13:08 235 14 -4,3 0,6 14:38 -8,4 00:00 22,7 0,0 0,2 2,4 19,3 13:56 272 15 -4,3 -0,6 14:07 -7,1 02:04 22,6 0,0 0,0 1,9 20,9 14:19 238 16 -2,9 1,2 14:37 -6,1 07:22 21,2 0,0 0,0 1,1 14,5 12:52 225 17 0,1 5,2 15:09 -3,6 06:40 18,3 0,0 0,0 1,2 12,9 14:18 228 18 -0,3 1,5 10:27 -1,6 05:56 18,6 0,0 0,0 0,4 9,7 17:42 270 19 0,7 2,7 14:00 -0,9 04:44 17,7 0,0 0,0 0,4 8,0 11:00 221 20 1,8 5,7 15:42 0,3 05:43 16,6 0,0 0,0 1,2 16,1 14:23 196 21 3,0 5,7 15:09 1,2 00:00 15,3 0,0 0,0 0,6 12,9 12:50 210 22 3,4 7,7 13:52 0,1 06:07 14,9 0,0 0,0 1,6 16,1 14:01 178 23 9,4 18,7 15:01 1,3 05:19 8,9 0,0 0,0 2,7 14,5 13:26 23 24 12,5 17,3 14:57 8,8 04:51 5,8 0,0 0,0 3,3 14,5 13:25 360 25 11,1 16,2 15:35 8,0 22:13 7,2 0,0 0,0 3,3 17,7 16:19 353 26 9,9 14,4 14:26 6,7 23:43 8,4 0,0 0,0 3,0 12,9 12:45 1 27 8,1 13,7 12:04 1,4 23:29 10,2 0,0 0,0 2,5 24,1 14:09 17 28 2,6 7,3 14:36 -1,0 06:35 15,8 0,0 0,0 2,2 17,7 13:21 186 --------------------------------------------------------------------------------------- 2,2 18,7 23 -11,1 13 452,9 0,0 93,0 1,4 29,0 07 229 Updated: 01/03/2021 00:00:00