Malga Picotera

46° 01.32' N | 012° 22.30' E | 1038 metri | Mostra sulla Mappa

Sommario Climatico April 2021

08/12/2022 07:10:00 CET

Stazione: Vantage Pro2
Software: WeeWX v4.5.1
Weewx uptime: 8 days, 9 hours, 14 minutes
Server uptime: 8 days, 9 hours, 14 minutes
                   MONTHLY CLIMATOLOGICAL SUMMARY for apr 2021


NAME: Malga Picotera                  
ELEV: 1038 metri    LAT: 46-01.32 N    LONG: 012-22.30 E


                   TEMPERATURE (°C), RAIN (mm), WIND SPEED (km/h)

                                         HEAT   COOL         AVG
      MEAN                               DEG    DEG          WIND                   DOM
DAY   TEMP   HIGH   TIME    LOW   TIME   DAYS   DAYS   RAIN  SPEED   HIGH   TIME    DIR
---------------------------------------------------------------------------------------
 01   12,9   18,3  16:37    9,3  01:00    5,5    0,0    0,0    2,9   17,7  13:57    326
 02   12,7   17,7  16:50    9,7  03:57    5,6    0,0    0,0    2,1   19,3  15:42    231
 03    6,5   10,3  00:00    3,2  20:07   11,8    0,0    2,0    1,6   17,7  15:02    251
 04    3,1    7,8  14:45   -0,4  23:57   15,3    0,0    0,2    1,9   20,9  11:07    208
 05    2,7    8,8  14:40   -0,8  00:24   15,6    0,0    0,0    2,2   27,4  12:10    209
 06    0,2    3,9  11:55   -5,2  23:59   18,2    0,0    0,0    1,4   29,0  09:05     10
 07   -1,3    4,1  17:07   -6,1  03:09   19,6    0,0    0,0    2,2   25,7  12:10    348
 08    1,3    7,7  16:28   -3,2  00:00   17,0    0,0    0,0    2,8   27,4  16:01    234
 09    2,8    7,4  12:59   -1,6  05:08   15,5    0,0    0,0    2,3   25,7  13:02    246
 10    4,9    8,9  16:21    2,3  07:03   13,4    0,0    0,0    1,5   19,3  12:21    207
 11    4,0    5,4  22:26    3,2  11:19   14,4    0,0   27,0    0,7    8,0  09:27      1
 12    5,7    7,0  10:41    2,1  23:55   12,6    0,0   95,6    1,3   16,1  23:39    352
 13    0,8    3,8  13:04   -0,7  23:51   17,5    0,0   41,0    1,3   16,1  00:05     22
 14    1,0    5,8  16:18   -2,2  05:52   17,3    0,0    7,2    2,8   19,3  16:16     34
 15    0,6    4,4  15:11   -1,1  06:53   17,8    0,0    0,2    1,5   20,9  15:04    216
 16    2,0    8,2  16:32   -1,8  06:42   16,3    0,0    0,2    2,8   22,5  16:09    253
 17    2,9    8,9  16:31   -1,4  05:56   15,4    0,0    0,0    2,4   17,7  14:17    232
 18    2,6    5,7  16:11   -0,1  03:37   15,7    0,0    0,6    1,2   14,5  15:58    231
 19    3,2    9,4  17:03    0,7  03:13   15,1    0,0    3,8    1,9   11,3  13:06     15
 20    5,0   10,7  16:39    1,2  05:31   13,3    0,0    0,2    2,0   17,7  15:49      9
 21    5,3   11,8  14:48    2,3  06:17   13,1    0,0    1,2    2,0   27,4  13:16    196
 22    5,5   10,1  16:51    2,1  06:21   12,8    0,0    0,0    0,9   19,3  14:41    231
 23    7,1   11,1  15:55    3,8  05:22   11,3    0,0    0,0    1,9   19,3  14:16    262
 24    8,5   13,7  16:40    5,2  06:27    9,8    0,0    0,0    2,7   19,3  13:31    268
 25    9,9   16,3  15:17    5,8  03:53    8,4    0,0    0,0    2,9   20,9  14:12    273
 26    6,8    8,8  01:05    4,4  23:46   11,6    0,0    1,2    0,6    8,0  09:35    352
 27    4,9    6,3  18:40    2,7  23:28   13,4    0,0    0,0    0,6    8,0  10:47    196
 28    7,2   12,3  16:12    3,1  00:00   11,1    0,0    0,2    1,8   27,4  14:07    221
 29    7,5    9,2  11:18    5,6  03:49   10,8    0,0    9,8    0,4   16,1  11:27    194
 30    9,0   11,8  12:45    7,6  22:09    9,3    0,0   74,2    1,5   24,1  15:35    231
---------------------------------------------------------------------------------------
       4,9   18,3     01   -6,1     07  404,3    0,0  264,6    1,8   29,0     06    253
    
Updated: 01/05/2021 00:00:00