Malga Picotera

46° 01.32' N | 012° 22.30' E | 1038 metri | Mostra sulla Mappa

Sommario Climatico July 2021

22/04/2024 08:55:00 CEST

Stazione: Vantage Pro2
Software: WeeWX v4.9.1
Weewx uptime: 8 days, 9 hours, 46 minutes
Server uptime: 8 days, 9 hours, 48 minutes
                   MONTHLY CLIMATOLOGICAL SUMMARY for lug 2021


NAME: Malga Picotera                  
ELEV: 1038 metri    LAT: 46-01.32 N    LONG: 012-22.30 E


                   TEMPERATURE (°C), RAIN (mm), WIND SPEED (km/h)

                                         HEAT   COOL         AVG
      MEAN                               DEG    DEG          WIND                   DOM
DAY   TEMP   HIGH   TIME    LOW   TIME   DAYS   DAYS   RAIN  SPEED   HIGH   TIME    DIR
---------------------------------------------------------------------------------------
 01   15,3   20,1  13:17   12,1  04:11    3,0    0,0    0,8    2,0   17,7  14:05    353
 02   16,2   21,2  15:49   13,0  03:38    2,1    0,0    0,0    1,9   20,9  13:23    232
 03   16,7   22,6  15:41   13,4  05:00    1,6    0,0    6,2    1,9   17,7  15:30    256
 04   14,5   16,5  13:13   12,2  22:07    3,9    0,0   35,0    0,7   12,9  15:05     18
 05   15,8   21,1  16:45   10,7  04:37    2,6    0,0    0,2    2,4   14,5  14:11    112
 06   18,0   24,1  16:52   13,8  00:21    0,3    0,0    0,0    2,5   14,5  12:55    215
 07   19,7   25,7  16:31   15,7  02:57    0,0    1,3    0,0    2,8   17,7  14:52    202
 08   19,5   25,7  14:20   14,5  23:04    0,0    1,1   21,8    3,2   19,3  22:08     21
 09   16,3   21,6  17:12   12,2  07:03    2,1    0,0    0,0    2,8   17,7  00:09     49
 10   18,3   23,5  14:25   14,6  02:14    0,1    0,0    0,0    2,2   16,1  13:35    201
 11   18,4   24,4  16:14   15,0  05:19    0,0    0,1    0,4    2,5   16,1  14:12    166
 12   18,6   23,3  13:55   14,8  05:16    0,0    0,3    0,0    2,3   16,1  14:06    223
 13   17,9   22,4  13:22   15,3  03:52    0,5    0,0    3,4    3,3   19,3  14:51    358
 14   14,2   17,1  11:44   10,5  23:26    4,2    0,0    3,8    1,5   17,7  11:44     92
 15   13,5   18,1  16:32   10,0  03:30    4,8    0,0    0,8    1,9   16,1  15:13    191
 16   14,6   18,6  10:14   11,9  00:06    3,7    0,0    3,6    2,1   11,3  09:12     25
 17   16,8   19,3  16:09   14,1  02:01    1,6    0,0    1,0    1,5   14,5  05:16     35
 18   19,6   24,9  15:47   17,0  01:35    0,0    1,3    0,0    1,4   14,5  14:24     56
 19   20,4   25,8  15:48   16,5  06:31    0,0    2,0    0,0    2,2   22,5  17:32    210
 20   19,0   24,3  16:25   15,9  02:03    0,0    0,7    0,0    1,7   22,5  15:05    202
 21   18,9   24,7  16:45   15,4  06:39    0,0    0,6    0,0    2,1   17,7  13:03    223
 22   17,8   22,7  16:22   13,7  23:58    0,6    0,0    2,8    2,5   19,3  12:06    263
 23   18,1   23,8  15:46   13,4  00:14    0,3    0,0    0,0    2,8   19,3  14:29    274
 24   18,9   23,8  14:02   16,2  01:49    0,0    0,6    0,0    2,1   19,3  14:19    239
 25   19,1   24,4  15:23   16,2  20:42    0,0    0,8    0,8    2,9   22,5  12:25    357
 26   18,0   24,7  13:59   13,7  21:02    0,3    0,0   15,4    3,0   22,5  14:48      7
 27   16,6   21,4  16:50   14,1  21:07    1,7    0,0   32,8    2,9   22,5  18:43     30
 28   17,6   23,4  16:39   14,3  05:10    0,7    0,0    2,2    3,5   17,7  16:15     42
 29   18,3   24,1  17:09   14,1  04:14    0,0    0,0    0,0    3,3   19,3  14:26    301
 30   18,9   22,6  12:48   15,8  03:47    0,0    0,6    0,0    1,9   19,3  15:00    275
 31   18,5   23,2  17:21   13,6  07:33    0,0    0,2   26,4    1,9   16,1  07:17    100
---------------------------------------------------------------------------------------
      17,5   25,8     19   10,0     15   34,0    9,5  157,4    2,3   22,5     19    333
    
Updated: 01/08/2021 00:00:00