Malga Picotera

46° 01.32' N | 012° 22.30' E | 1038 metri | Mostra sulla Mappa

Sommario Climatico December 2021

22/04/2024 07:10:00 CEST

Stazione: Vantage Pro2
Software: WeeWX v4.9.1
Weewx uptime: 8 days, 8 hours, 1 minute
Server uptime: 8 days, 8 hours, 3 minutes
                   MONTHLY CLIMATOLOGICAL SUMMARY for dic 2021


NAME: Malga Picotera                  
ELEV: 1038 metri    LAT: 46-01.32 N    LONG: 012-22.30 E


                   TEMPERATURE (°C), RAIN (mm), WIND SPEED (km/h)

                                         HEAT   COOL         AVG
      MEAN                               DEG    DEG          WIND                   DOM
DAY   TEMP   HIGH   TIME    LOW   TIME   DAYS   DAYS   RAIN  SPEED   HIGH   TIME    DIR
---------------------------------------------------------------------------------------
 01    0,3    3,0  14:02   -2,4  07:48   18,1    0,0    1,8    0,9   11,3  10:52    253
 02    1,2    2,8  11:19   -0,3  21:10   17,2    0,0    9,0    0,2    9,7  11:32    136
 03   -0,6    3,2  14:35   -3,0  23:48   18,9    0,0    8,6    1,0   14,5  13:11    153
 04   -1,9    0,1  23:56   -3,3  00:55   20,2    0,0    0,0    0,3    8,0  10:12    198
 05   -0,3    1,0  13:29   -1,8  23:37   18,6    0,0    2,6    0,5    6,4  06:01    352
 06   -0,8    3,9  13:31   -3,8  23:04   19,1    0,0    6,2    2,7   11,3  11:47     13
 07   -1,8    3,3  15:33   -4,4  02:38   20,1    0,0    1,0    1,8   11,3  10:40     11
 08   -1,3    0,7  23:15   -4,5  04:51   19,6    0,0    0,0    0,6    8,0  21:44     22
 09   -0,7    0,7  00:07   -2,6  23:44   19,0    0,0    0,0    0,8    6,4  00:10    204
 10   -2,0    0,7  11:30   -3,9  05:01   20,3    0,0    2,8    1,3    6,4  21:49    202
 11    0,3    4,1  15:03   -2,7  00:02   18,1    0,0   21,2    2,6   11,3  10:29     50
 12    2,2    5,8  15:15   -0,8  01:09   16,1    0,0   10,0    3,3   14,5  03:03     28
 13    5,5    9,1  12:35    2,3  03:14   12,9    0,0    3,4    2,5    8,0  12:58    207
 14    5,2    8,3  10:06    2,6  23:58   13,1    0,0    0,2    2,1    8,0  11:32    202
 15    2,9    5,9  15:03    0,8  20:18   15,4    0,0    0,0    1,7   11,3  13:45    211
 16    4,1    7,3  09:48    1,3  00:00   14,2    0,0    0,0    1,7    9,7  12:56    336
 17    7,1   11,6  12:52    4,3  01:31   11,2    0,0    0,0    2,6   11,3  12:08     13
 18    3,7    6,2  11:32   -0,3  07:36   14,7    0,0    0,0    2,3    9,7  12:30      4
 19    9,0   14,8  13:46    4,1  07:01    9,4    0,0    0,0    2,6   12,9  12:02     15
 20    4,4   10,2  00:16   -1,5  23:39   13,9    0,0    0,0    2,4   14,5  10:27    254
 21   -0,2    0,5  01:09   -1,2  00:00   18,6    0,0    0,0    0,1    6,4  11:21    244
 22   -0,7    2,3  14:12   -2,9  07:19   19,1    0,0    0,2    1,3   12,9  12:43    239
 23   -1,7    0,7  10:41   -3,6  08:02   20,1    0,0    0,0    0,5    9,7  13:05    234
 24   -0,7    2,3  23:21   -2,9  02:36   19,0    0,0    0,0    0,4    6,4  09:46     37
 25    3,3    5,7  12:31    1,1  01:43   15,0    0,0    0,2    0,4    8,0  01:38    224
 26    3,3    6,9  13:36    1,4  23:34   15,0    0,0    0,4    1,0    9,7  13:11     18
 27    1,8    3,6  12:47    0,4  03:30   16,5    0,0    0,0    0,5    8,0  12:10    316
 28    1,9    3,1  11:13    1,1  03:58   16,4    0,0    0,0    0,2    8,0  11:15    192
 29    3,8    8,9  14:48   -0,1  04:32   14,5    0,0    0,0    1,5   11,3  11:19    346
 30    7,6   11,2  14:41    4,2  02:15   10,7    0,0    0,0    2,2    9,7  12:55      6
 31    9,1   13,6  15:12    6,7  02:53    9,3    0,0    0,0    2,1    8,0  11:59    233
---------------------------------------------------------------------------------------
       2,1   14,8     19   -4,5     08  504,3    0,0   67,6    1,4   14,5     03    355
    
Updated: 01/01/2022 00:00:00