Malga Picotera

46° 01.32' N | 012° 22.30' E | 1038 metri | Mostra sulla Mappa

Sommario Climatico March 2023

22/04/2024 07:30:00 CEST

Stazione: Vantage Pro2
Software: WeeWX v4.9.1
Weewx uptime: 8 days, 8 hours, 21 minutes
Server uptime: 8 days, 8 hours, 23 minutes
                   MONTHLY CLIMATOLOGICAL SUMMARY for mar 2023


NAME: Malga Picotera                  
ELEV: 1038 metri    LAT: 46-01.32 N    LONG: 012-22.30 E


                   TEMPERATURE (°C), RAIN (mm), WIND SPEED (km/h)

                                         HEAT   COOL         AVG
      MEAN                               DEG    DEG          WIND                   DOM
DAY   TEMP   HIGH   TIME    LOW   TIME   DAYS   DAYS   RAIN  SPEED   HIGH   TIME    DIR
---------------------------------------------------------------------------------------
 01    2,8    9,1  11:30   -0,2  00:00   15,6    0,0    0,0    1,4   24,1  15:49    262
 02    2,1    4,7  13:30   -0,1  23:14   16,3    0,0    0,0    0,4   14,5  14:45      0
 03    2,9    6,9  14:16    0,0  00:21   15,5    0,0    0,0    0,7   14,5  12:13    223
 04    3,6    9,1  14:31    0,3  05:48   14,8    0,0    0,0    1,4   17,7  15:32    222
 05    3,6    7,7  14:42    0,2  06:38   14,7    0,0    0,0    1,3   25,7  15:47    220
 06    2,6    3,8  11:43    1,3  07:32   15,8    0,0    0,0    0,2   11,3  11:43    214
 07    2,6    3,7  14:18    1,3  07:42   15,8    0,0    0,4    0,2   12,9  21:32    193
 08    3,4    6,5  11:56   -0,1  05:00   14,9    0,0    0,2    0,5   16,1  12:12    221
 09    5,2    8,3  15:17    3,5  00:25   13,1    0,0    0,8    0,2   11,3  07:17    212
 10    6,2    8,7  10:42    4,6  01:30   12,1    0,0    0,8    0,5   16,1  11:20    195
 11    6,4   10,3  15:00    3,3  06:39   11,9    0,0    0,0    1,2   22,5  13:59    217
 12    3,8    8,2  14:18    1,3  23:19   14,6    0,0    0,0    1,0   22,5  15:07    219
 13    4,3    8,6  14:36    1,1  02:03   14,1    0,0    0,0    0,9   17,7  14:25    231
 14    5,0    6,2  14:07    3,8  23:41   13,3    0,0    9,6    0,6   29,0  08:33    233
 15    4,1    7,9  16:24    0,7  23:32   14,3    0,0    0,0    1,4   20,9  12:20    259
 16    1,7    6,7  15:29   -1,5  05:12   16,7    0,0    0,0    1,3   20,9  15:34    216
 17    2,6    7,9  14:19   -0,7  01:59   15,7    0,0    0,0    1,1   19,3  12:54    219
 18    3,6    8,3  14:26    0,7  06:29   14,7    0,0    0,0    1,2   17,7  14:32    241
 19    4,4    8,3  14:45    1,8  02:26   13,9    0,0    0,0    0,7   19,3  13:14    220
 20    5,6   10,1  13:37    2,7  03:49   12,8    0,0    0,0    0,7   16,1  14:18    225
 21    8,3   13,5  14:25    4,4  05:32   10,0    0,0    0,0    1,6   22,5  13:55    232
 22    9,1   13,6  14:04    6,1  06:37    9,3    0,0    0,0    1,3   24,1  14:15    210
 23    8,5   12,9  14:59    5,8  05:06    9,8    0,0    0,0    1,1   17,7  13:11    206
 24    7,6   10,2  09:27    6,1  02:46   10,7    0,0    0,0    0,2   11,3  12:59    211
 25    7,0   11,3  15:36    3,8  23:58   11,4    0,0    1,2    0,5   16,1  13:29    213
 26    5,1    9,2  12:45    2,5  19:45   13,3    0,0   25,0    0,7   29,0  17:55    208
 27    4,3   10,3  15:33    0,1  06:18   14,0    0,0    0,6    1,9   38,6  20:49    347
 28    3,0    8,8  16:35   -0,5  05:22   15,3    0,0    0,0    1,6   20,9  15:25    224
 29    4,3    9,3  17:02    0,1  01:28   14,1    0,0    0,0    1,2   24,1  15:15    219
 30    4,5    7,6  13:24    2,6  00:49   13,9    0,0    0,0    0,2   11,3  11:52    229
 31    4,8    5,6  10:13    2,6  22:50   13,5    0,0    5,4    0,4   14,5  22:41    350
---------------------------------------------------------------------------------------
       4,6   13,6     22   -1,5     16  425,7    0,0   44,0    0,9   38,6     27    224
    
Updated: 01/04/2023 00:00:00