Malga Picotera

46° 01.32' N | 012° 22.30' E | 1038 metri | Mostra sulla Mappa

Sommario Climatico August 2023

22/04/2024 08:40:00 CEST

Stazione: Vantage Pro2
Software: WeeWX v4.9.1
Weewx uptime: 8 days, 9 hours, 31 minutes
Server uptime: 8 days, 9 hours, 33 minutes
                   MONTHLY CLIMATOLOGICAL SUMMARY for ago 2023


NAME: Malga Picotera                  
ELEV: 1038 metri    LAT: 46-01.32 N    LONG: 012-22.30 E


                   TEMPERATURE (°C), RAIN (mm), WIND SPEED (km/h)

                                         HEAT   COOL         AVG
      MEAN                               DEG    DEG          WIND                   DOM
DAY   TEMP   HIGH   TIME    LOW   TIME   DAYS   DAYS   RAIN  SPEED   HIGH   TIME    DIR
---------------------------------------------------------------------------------------
 01   16,2   18,3  14:10   13,8  19:20    2,1    0,0    8,6    0,2   14,5  14:05    219
 02   16,4   20,2  16:07   12,9  04:23    1,9    0,0    0,0    0,6   19,3  15:18    223
 03   17,5   20,9  13:10   14,8  06:46    0,8    0,0   26,6    0,6   20,9  14:44    209
 04   15,7   20,3  10:39   12,1  14:54    2,6    0,0   15,0    1,0   20,9  11:58     17
 05   11,8   13,7  16:30   10,3  06:14    6,5    0,0   41,8    0,3   11,3  03:18     29
 06   12,6   16,7  15:07    8,6  16:26    5,7    0,0   18,6    0,3   17,7  15:10    231
 07   12,9   18,3  17:24    8,5  06:24    5,4    0,0    0,2    0,7   16,1  13:54    221
 08   13,1   17,8  15:38    8,9  04:29    5,3    0,0    0,0    0,9   19,3  13:43    228
 09   14,2   16,8  15:48   11,9  03:12    4,1    0,0    0,0    0,2   12,9  14:34    220
 10   14,8   18,6  14:45   12,2  05:56    3,6    0,0    0,2    0,3   14,5  14:26    221
 11   16,3   22,1  16:23   11,9  06:16    2,0    0,0    0,0    0,9   16,1  12:19    221
 12   17,2   21,3  16:39   13,6  05:51    1,1    0,0    0,0    0,4   14,5  13:50    219
 13   19,9   25,3  16:28   15,6  06:06    0,0    1,6    0,0    0,8   14,5  15:41    229
 14   19,8   24,4  16:44   16,8  07:13    0,0    1,5    0,0    1,9   16,1  14:32    355
 15   19,7   24,8  16:49   16,0  06:36    0,0    1,4    0,0    0,8   16,1  13:59    217
 16   20,3   25,3  15:52   16,3  06:10    0,0    2,0    0,0    0,9   19,3  14:13    218
 17   19,3   24,6  16:31   15,9  04:34    0,0    0,9    0,0    0,9   17,7  13:24    225
 18   19,3   24,3  16:22   16,3  04:18    0,0    1,0    2,6    0,5   16,1  16:05    220
 19   20,3   25,7  16:52   16,1  05:15    0,0    2,0    0,2    0,7   16,1  11:48    218
 20   21,1   26,6  15:39   17,3  05:20    0,0    2,7    0,0    0,8   20,9  15:05    222
 21   22,6   28,2  16:48   18,4  04:09    0,0    4,3    0,0    0,8   19,3  14:31    221
 22   23,3   28,3  16:53   20,1  06:52    0,0    5,0    0,0    0,9   16,1  15:54    227
 23   24,0   29,2  16:28   20,3  05:39    0,0    5,7    0,0    0,9   17,7  13:02    239
 24   23,5   28,6  15:50   19,8  05:48    0,0    5,2    0,0    0,8   20,9  15:19    218
 25   22,9   27,4  16:53   19,7  23:51    0,0    4,6    0,0    1,0   20,9  14:01    223
 26   21,8   26,5  15:25   18,2  06:27    0,0    3,4    0,0    0,8   20,9  15:57    219
 27   20,2   24,2  13:53   17,9  07:03    0,0    1,9    0,0    0,2   12,9  13:53    226
 28   16,2   19,5  00:01   12,3  23:59    2,1    0,0   26,8    1,1   32,2  06:50    340
 29   13,3   17,1  11:58   11,3  22:43    5,0    0,0    1,0    0,4   14,5  02:11     13
 30   11,3   13,7  14:41    9,2  07:01    7,0    0,0    8,4    0,0    9,7  12:16    345
 31   12,4   15,2  12:49    9,9  00:40    5,9    0,0    0,2    0,2   14,5  12:28    222
---------------------------------------------------------------------------------------
      17,7   29,2     23    8,5     07   61,3   43,1  150,2    0,7   32,2     28    229
    
Updated: 01/09/2023 00:00:00