Sacile Pordenone

45° 56.65' N | 012° 28.80' E | 32 metri | Mostra sulla Mappa

Sommario Climatico June 2018

17/09/2019 12:25:00 CEST

Stazione: LaCrosse WS-2350
Software: WeeWX v3.8.2
Weewx uptime: 72 Giorni, 22 Ore, 28 Minuti
Server uptime: 73 Giorni, 2 Ore, 39 Minuti
                   MONTHLY CLIMATOLOGICAL SUMMARY for giu 2018


NAME: Sacile Pordenone                  
ELEV: 32 metri    LAT: 45-56.65 N    LONG: 012-28.80 E


                   TEMPERATURE (°C), RAIN (mm), WIND SPEED (km/h)

                                         HEAT   COOL         AVG
      MEAN                               DEG    DEG          WIND                   DOM
DAY   TEMP   HIGH   TIME    LOW   TIME   DAYS   DAYS   RAIN  SPEED   HIGH   TIME    DIR
---------------------------------------------------------------------------------------
 01
 02
 03
 04
 05
 06
 07
 08
 09   27,0   30,9  16:26   20,7  23:58    0,0    8,6    0,0    3,6   21,6  17:06 SW
 10   24,6   30,4  16:55   17,5  05:20    0,0    6,2    0,0    1,5   14,4  10:47 E
 11   24,9   32,1  16:10   20,1  05:42    0,0    6,5    0,0    1,3   32,4  18:16 SSW
 12   20,8   25,6  10:45   16,2  09:20    0,0    2,5    0,0    1,6   15,5  22:58 W
 13   20,7   29,3  14:04   15,6  11:14    0,0    2,4   49,2    1,4   25,2  17:39 NE
 14   22,0   26,5  16:42   18,1  03:19    0,0    3,6    0,5    0,8   13,3  19:20 SSW
 15   22,1   28,1  16:54   15,0  05:59    0,0    3,8    0,0    1,1   11,2  13:16 SSE
 16   22,1   29,9  19:01   14,9  05:41    0,0    3,8    0,0    0,6   10,8  16:34 WSW
 17   24,7   31,2  14:58   17,8  04:07    0,0    6,4    0,0    0,8   11,9  16:15 S
 18   23,5   31,0  14:46   17,7  03:56    0,0    5,1    0,0    2,2   22,0  17:35 WSW
 19   25,1   31,2  16:49   17,9  05:46    0,0    6,8    0,0    1,9   17,6  11:17 SW
 20   26,4   31,9  17:50   19,6  05:30    0,0    8,1    0,0    1,7   15,1  13:48 ESE
 21   25,4   31,4  14:54   18,3  05:26    0,0    7,0    0,0    1,2   16,6  15:17 SSW
 22   20,7   22,9  01:05   16,1  23:59    0,0    2,3    8,3    3,4   19,8  10:59 E
 23   18,8   24,1  14:05   11,8  06:03    0,0    0,5    0,0    2,1   18,0  15:41 SSW
 24   20,4   25,3  17:14   15,3  02:51    0,0    2,1    0,0    1,6   17,6  10:30 SSW
 25   19,3   24,1  16:31   15,9  05:39    0,0    0,9    6,7    2,9   22,0  11:23 E
 26   21,4   26,9  17:15   14,7  05:37    0,0    3,1    0,0    1,6   18,7  13:04 SW
 27   20,2   25,3  13:11   14,4  04:46    0,0    1,9    2,1    1,8   18,0  17:26 SW
 28   19,7   24,9  12:57   14,0  01:28    0,0    1,4    0,0    0,6    7,9  09:45 SE
 29   22,2   29,6  18:14   14,4  04:55    0,0    3,9    0,0    2,4   18,0  17:11 WSW
 30   24,7   31,6  16:32   16,9  04:24    0,0    6,4    0,0    1,0   10,1  15:53 ESE
---------------------------------------------------------------------------------------
       22,5    32,1  11   11,8  23    0,0   93,3     66,8    1,7   32,4  11 S
    
Updated: 06/07/2019 14:00:00