Sacile Pordenone

45° 56.65' N | 012° 28.80' E | 32 metri | Mostra sulla Mappa

Sommario Climatico July 2018

20/09/2019 09:45:00 CEST

Stazione: LaCrosse WS-2350
Software: WeeWX v3.8.2
Weewx uptime: 75 Giorni, 19 Ore, 48 Minuti
Server uptime: 75 Giorni, 23 Ore, 59 Minuti
                   MONTHLY CLIMATOLOGICAL SUMMARY for lug 2018


NAME: Sacile Pordenone                  
ELEV: 32 metri    LAT: 45-56.65 N    LONG: 012-28.80 E


                   TEMPERATURE (°C), RAIN (mm), WIND SPEED (km/h)

                                         HEAT   COOL         AVG
      MEAN                               DEG    DEG          WIND                   DOM
DAY   TEMP   HIGH   TIME    LOW   TIME   DAYS   DAYS   RAIN  SPEED   HIGH   TIME    DIR
---------------------------------------------------------------------------------------
 01   23,7   26,4  15:03   20,6  06:23    0,0    5,4    0,0    4,1   18,7  00:21 E
 02   23,7   28,1  16:50   20,1  05:51    0,0    5,3    0,0    1,2   11,9  11:53 ESE
 03   24,0   29,8  15:39   18,8  03:28    0,0    5,7    0,5    1,2   15,8  20:19 SE
 04   23,2   30,8  15:53   17,6  05:30    0,0    4,8    1,6    1,1   12,2  14:10 SSW
 05   22,9   30,6  15:20   16,5  05:25    0,0    4,5    8,8    1,6   16,9  21:04 S
 06   22,6   29,4  17:15   17,7  06:05    0,0    4,2    2,6    0,8   14,8  11:20 ESE
 07   23,2   31,0  16:01   17,5  06:03    0,0    4,9   29,5    1,0   21,2  17:39 SSW
 08   23,3   29,9  16:17   18,4  05:24    0,0    5,0   28,5    2,0   17,3  12:56 SW
 09   23,3   29,7  15:34   16,6  05:51    0,0    5,0    0,0    1,1   19,8  17:53 SSW
 10   23,8   28,8  12:52   18,4  23:38    0,0    5,5   10,9    2,1   18,0  19:45 WSW
 11   21,4   25,2  17:27   17,8  02:40    0,0    3,1    5,7    2,9   16,2  13:34 E
 12   23,4   28,5  16:44   19,3  06:29    0,0    5,1    3,6    2,1   15,1  14:54 E
 13   23,4   29,9  17:38   17,1  05:55    0,0    5,1   28,5    1,1   15,1  00:26 WSW
 14   24,2   31,2  16:06   19,4  02:34    0,0    5,8    3,1    1,0   11,2  21:23 S
 15   24,1   30,4  16:33   19,8  02:47    0,0    5,8    6,7    1,5   18,7  19:52 ESE
 16   22,7   28,6  14:58   17,6  02:11    0,0    4,4    1,0    1,2   13,3  20:19 SW
 17   23,8   30,3  14:25   17,1  05:35    0,0    5,5    0,0    2,1   23,4  17:57 WSW
 18   24,6   32,1  17:22   16,1  05:38    0,0    6,3    0,0    1,0   13,3  15:33 SW
 19   25,7   32,1  18:00   18,1  05:32    0,0    7,3    0,0    0,8    8,3  16:06 SSW
 20   23,8   30,9  13:59   19,9  05:20    0,0    5,4    2,1    1,4   19,4  15:44 ESE
 21   22,4   28,9  16:16   17,6  05:49    0,0    4,1    4,7    1,2   34,2  05:38 W
 22   23,3   29,6  14:24   18,2  06:01    0,0    4,9    2,1    2,0   16,2  18:39 W
 23   24,4   30,8  15:15   18,1  06:13    0,0    6,1    0,0    1,5   15,5  00:09 W
 24   24,7   31,3  14:00   16,6  06:02    0,0    6,4    0,0    1,6   18,4  12:38 WSW
 25   26,2   32,4  16:54   18,9  05:54    0,0    7,9    0,0    1,6   14,8  18:22 WSW
 26   23,8   29,6  14:01   19,3  22:25    0,0    5,5    0,5    0,9   10,1  16:53 W
 27   24,9   32,0  16:46   16,9  05:59    0,0    6,6    0,0    1,2   13,7  16:48 WSW
 28   25,4   31,9  15:52   19,2  06:10    0,0    7,1    0,0    0,9   13,3  19:15 S
 29   26,9   33,4  15:52   20,2  05:34    0,0    8,6    0,0    0,8   10,4  14:20 S
 30   28,0   34,4  15:19   21,4  02:24    0,0    9,6    0,0    0,6   10,8  15:24 SW
 31   28,3   34,8  16:57   21,1  05:57    0,0    9,9    0,0    1,2   14,0  16:33 SW
---------------------------------------------------------------------------------------
       24,2    34,8  31   16,1  18    0,0  180,8    140,4    1,4   34,2  21 SSW
    
Updated: 06/07/2019 14:00:00