Sacile Pordenone

45° 56.65' N | 012° 28.80' E | 32 metri | Mostra sulla Mappa

Sommario Climatico October 2018

20/09/2019 09:50:00 CEST

Stazione: LaCrosse WS-2350
Software: WeeWX v3.8.2
Weewx uptime: 75 Giorni, 19 Ore, 52 Minuti
Server uptime: 76 Giorni, 0 Ore, 4 Minuti
                   MONTHLY CLIMATOLOGICAL SUMMARY for ott 2018


NAME: Sacile Pordenone                  
ELEV: 32 metri    LAT: 45-56.65 N    LONG: 012-28.80 E


                   TEMPERATURE (°C), RAIN (mm), WIND SPEED (km/h)

                                         HEAT   COOL         AVG
      MEAN                               DEG    DEG          WIND                   DOM
DAY   TEMP   HIGH   TIME    LOW   TIME   DAYS   DAYS   RAIN  SPEED   HIGH   TIME    DIR
---------------------------------------------------------------------------------------
 01   11,2   14,3  11:07    6,7  05:48    7,1    0,0   18,1    0,7   10,8  21:52 ENE
 02   14,1   20,9  16:20    8,9  23:45    4,2    0,0    1,6    0,9    9,7  16:45 ESE
 03   13,1   22,3  16:13    5,9  07:26    5,2    0,0    0,0    0,4    8,6  15:40 SE
 04   15,3   23,3  16:17    7,6  05:05    3,0    0,0    0,0    1,7   18,4  09:36 E
 05   15,2   24,1  14:27    7,6  07:01    3,1    0,0    0,0    2,1   22,0  14:44 E
 06   16,0   17,6  13:10   14,4  00:50    2,3    0,0   27,5    0,5   10,8  06:02 ENE
 07   17,7   22,3  16:14   15,5  07:35    0,7    0,0    2,6    1,1   10,1  12:55 E
 08   18,1   24,3  14:14   14,2  06:35    0,2    0,0    0,0    0,3    8,6  12:08 E
 09   19,0   25,3  14:33   13,6  03:10    0,0    0,6    0,0    2,4   20,5  14:24 E
 10   18,1   24,9  14:31   11,1  07:41    0,2    0,0    0,0    3,4   22,0  13:55 E
 11   17,1   24,5  14:10    9,3  07:14    1,2    0,0    0,0    1,6   16,9  12:18 E
 12   17,6   25,2  16:15   11,9  06:39    0,8    0,0    0,0    0,5   10,8  15:47 SW
 13   17,1   25,2  14:14    9,6  07:31    1,2    0,0    0,0    2,4   22,7  15:03 E
 14   16,1   24,1  14:43    9,3  07:07    2,2    0,0    0,0    0,9   16,6  14:05 ESE
 15   15,1   20,3  15:41   11,2  03:35    3,3    0,0    0,0    0,1    8,3  14:23 ENE
 16   14,5   21,1  15:56    9,6  03:02    3,9    0,0    0,0    0,0    0,0  00:00 E
 17   16,2   19,9  15:10   12,9  00:45    2,1    0,0    0,0    0,2    9,7  17:51 E
 18   17,3   24,4  14:57   12,0  04:29    1,1    0,0    0,0    0,0    4,7  00:00 ESE
 19   16,6   24,7  14:28   10,4  07:43    1,8    0,0    0,0    1,3   16,6  11:41 ESE
 20   15,3   22,9  16:01    9,8  07:51    3,0    0,0    0,0    0,2    8,3  13:57 W
 21   13,1   19,9  12:54    6,5  23:54    5,3    0,0    3,6    2,6   29,5  14:37 SE
 22   10,6   20,6  17:09    3,6  06:00    7,7    0,0    0,0    0,6   10,8  12:54 ESE
 23   11,4   20,2  15:12    4,4  07:36    6,9    0,0    0,0    0,7   21,6  14:06 WSW
 24   12,5   20,1  15:18    6,5  05:00    5,8    0,0    0,0    1,1   16,9  12:08 ESE
 25   12,7   16,3  16:35    8,4  03:05    5,6    0,0    0,0    0,0    4,3  02:11 N
 26   14,6   17,3  13:26   13,0  07:40    3,7    0,0    0,0    0,0    0,0  00:00 E
 27   14,9   16,5  23:56   13,3  02:50    3,5    0,0    7,3    0,0    3,2  22:47 ENE
 28   16,6   18,1  07:34   13,4  23:46    1,8    0,0   32,6    1,7   19,8  13:59 SSE
 29   16,0   19,8  18:10   12,3  01:10    2,3    0,0   45,1    5,2   35,3  20:14 ESE
 30   12,1   15,4  13:05    7,6  23:59    6,2    0,0   17,6    3,0   19,1  09:48 W
 31   11,3   17,6  12:14    5,9  05:04    7,0    0,0    0,5    1,4   14,8  13:08 ESE
---------------------------------------------------------------------------------------
       15,1    25,3  09    3,6  22  102,4    0,6    156,4    1,2   35,3  29 ESE
    
Updated: 06/07/2019 14:00:00