Sacile Pordenone

45° 56.65' N | 012° 28.80' E | 32 metri | Mostra sulla Mappa

Sommario Climatico November 2018

20/09/2019 10:05:00 CEST

Stazione: LaCrosse WS-2350
Software: WeeWX v3.8.2
Weewx uptime: 75 Giorni, 20 Ore, 8 Minuti
Server uptime: 76 Giorni, 0 Ore, 19 Minuti
                   MONTHLY CLIMATOLOGICAL SUMMARY for nov 2018


NAME: Sacile Pordenone                  
ELEV: 32 metri    LAT: 45-56.65 N    LONG: 012-28.80 E


                   TEMPERATURE (°C), RAIN (mm), WIND SPEED (km/h)

                                         HEAT   COOL         AVG
      MEAN                               DEG    DEG          WIND                   DOM
DAY   TEMP   HIGH   TIME    LOW   TIME   DAYS   DAYS   RAIN  SPEED   HIGH   TIME    DIR
---------------------------------------------------------------------------------------
 01   13,6   14,9  21:50   10,3  00:00    4,7    0,0   31,1    0,9   13,3  11:33 ENE
 02   14,7   16,5  17:59   12,6  02:05    3,6    0,0    1,6    1,0   15,8  17:48 E
 03   15,7   22,3  14:27   11,3  06:40    2,6    0,0    0,0    0,8   14,8  14:35 E
 04   15,7   22,6  12:20   10,8  07:01    2,6    0,0    0,0    0,9   14,0  12:00 E
 05   14,7   16,7  14:59   13,5  05:40    3,6    0,0   30,0    0,8    9,4  06:44 ENE
 06   15,5   17,9  15:25   14,2  06:40    2,9    0,0   23,8    0,4   14,4  02:09 ENE
 07   15,0   18,9  14:05   12,0  05:13    3,4    0,0    3,1    0,0    0,0  00:00 E
 08   13,5   18,3  14:26    9,9  06:57    4,8    0,0    0,0    0,0    0,0  00:00 E
 09   11,7   15,9  14:20    8,9  04:45    6,6    0,0    0,0    0,0    0,0  00:00 E
 10   12,1   13,9  15:13   10,8  20:00    6,2    0,0    0,0    0,0    0,0  00:00 E
 11   12,7   15,3  15:00    9,3  23:55    5,6    0,0    1,0    0,0    0,0  00:00 E
 12   13,1   18,2  14:29    8,6  06:59    5,3    0,0    0,5    0,0    0,0  00:00 E
 13   13,2   15,4  14:35   10,5  23:42    5,2    0,0    0,0    0,0    0,0  00:00 E
 14   12,0   18,6  13:48    6,9  05:10    6,3    0,0    0,0    0,0    0,0  00:00 E
 15   10,9   16,3  15:18    6,5  04:30    7,4    0,0    0,0    0,0    6,1  10:08 SE
 16    8,9   14,1  13:52    4,1  21:43    9,4    0,0    0,0    0,6   13,3  12:43 E
 17    4,7   13,3  14:23   10,5  12:38   13,6    0,0    0,0    0,7   13,3  15:25 ESE
 18    4,9   11,6  15:16   -0,6  07:19   13,4    0,0    0,0    0,6   16,2  11:22 ESE
 19    5,1    9,8  12:38    0,2  05:58   13,2    0,0    0,0    6,7   30,6  22:49 E
 20    6,9    9,4  14:25    5,3  02:08   11,4    0,0    7,3    7,6   27,7  05:03 ENE
 21    8,3   13,1  13:24    5,3  20:36   10,0    0,0    0,0    0,6    8,3  13:05 S
 22    8,8   11,5  11:47    5,6  00:05    9,6    0,0    0,0    0,3    6,8  13:21 SE
 23   10,5   12,7  13:14    8,3  00:58    7,8    0,0    5,7    0,6    8,3  14:03 E
 24   11,9   15,3  14:50    9,3  00:00    6,4    0,0   15,5    0,6    9,7  03:25 WSW
 25   10,2   12,7  13:56    6,9  07:52    8,2    0,0    1,0    0,6    6,8  20:43 WSW
 26    9,1   11,9  12:48    7,3  07:25    9,2    0,0    0,0    0,1    5,4  10:24 ESE
 27    9,5   11,9  11:50    7,1  03:15    8,9    0,0    0,0    0,5    8,3  13:01 WSW
 28    5,0   10,9  14:07   -0,2  23:58   13,3    0,0    0,0    0,4   10,4  10:54 S
 29    2,3    7,8  14:20   -2,0  07:10   16,0    0,0    0,0    0,2    5,4  13:27 SE
 30    2,8    6,9  15:21   -0,2  02:54   15,6    0,0    0,0    0,6    9,4  11:26 ENE
---------------------------------------------------------------------------------------
       10,5    22,6  04   -2,0  29  236,9    0,0    120,7    0,9   30,6  19 E
    
Updated: 06/07/2019 14:00:00