Sacile Pordenone

45° 56.65' N | 012° 28.80' E | 32 metri | Mostra sulla Mappa

Sommario Climatico March 2019

20/09/2019 10:40:00 CEST

Stazione: LaCrosse WS-2350
Software: WeeWX v3.8.2
Weewx uptime: 75 Giorni, 20 Ore, 43 Minuti
Server uptime: 76 Giorni, 0 Ore, 54 Minuti
                   MONTHLY CLIMATOLOGICAL SUMMARY for mar 2019


NAME: Sacile Pordenone                  
ELEV: 32 metri    LAT: 45-56.65 N    LONG: 012-28.80 E


                   TEMPERATURE (°C), RAIN (mm), WIND SPEED (km/h)

                                         HEAT   COOL         AVG
      MEAN                               DEG    DEG          WIND                   DOM
DAY   TEMP   HIGH   TIME    LOW   TIME   DAYS   DAYS   RAIN  SPEED   HIGH   TIME    DIR
---------------------------------------------------------------------------------------
 01    7,3   14,1  11:11    1,8  06:52   11,0    0,0    0,0    0,9   11,9  11:37 ESE
 02    7,7   16,6  15:22    0,4  04:54   10,6    0,0    0,0    1,6   17,3  12:30 ESE
 03    8,9   17,5  14:58    0,6  06:35    9,4    0,0    0,0    1,1   11,5  16:17 SSE
 04    7,5   10,2  13:38    5,4  06:57   10,8    0,0    2,6    1,7   12,2  21:00 N
 05    9,5   16,5  15:27    4,4  05:48    8,8    0,0    0,5    2,6   13,3  11:29 SSE
 06   10,2   15,9  13:48    3,6  06:31    8,1    0,0    0,0    3,6   19,1  13:12 E
 07   10,9   14,4  14:01    8,4  04:44    7,4    0,0    0,0    2,5   14,0  11:46 NE
 08   11,5   17,6  15:46    5,9  06:25    6,8    0,0    0,0    3,2   24,8  13:22 SW
 09   12,1   16,9  14:21    7,8  07:28    6,2    0,0    0,0    3,5   16,9  13:24 E
 10   11,0   13,8  11:13    8,4  06:02    7,3    0,0    0,0    4,8   23,4  09:13 ENE
 11   10,4   18,7  12:17    4,9  06:45    7,9    0,0    0,0    3,5   29,9  14:17 ENE
 12    8,7   16,1  13:45    1,1  05:39    9,6    0,0    0,0    4,7   20,9  15:06 S
 13    7,3   13,1  12:33    2,1  23:56   11,1    0,0    0,0    3,7   25,9  10:31 E
 14    5,8   12,7  13:48   -1,4  05:26   12,5    0,0    0,0    2,1   13,0  10:33 SE
 15    8,9   16,3  15:08    0,3  06:53    9,4    0,0    0,0    2,4   18,7  12:21 SE
 16   10,2   17,6  16:00    2,5  06:39    8,1    0,0    0,0    3,1   22,7  12:16 E
 17   11,1   15,8  13:00    5,6  05:19    7,3    0,0    0,5    3,7   20,9  12:11 ENE
 18    8,1   10,9  05:51    2,3  23:30   10,2    0,0   25,4    3,7   28,1  16:21 ENE
 19    7,5   12,9  13:14    2,2  01:03   10,8    0,0    0,0    2,5   17,6  17:25 ESE
 20    7,6   14,2  16:08   -0,1  06:13   10,7    0,0    0,0    2,7   20,9  14:15 ESE
 21    9,1   17,1  17:03   -0,4  06:27    9,2    0,0    0,0    2,0   16,6  11:14 E
 22   10,8   20,6  15:45    0,6  06:22    7,5    0,0    0,0    1,4   14,4  12:28 SSW
 23   13,6   23,5  16:16    3,5  05:51    4,7    0,0    0,0    1,7   14,8  11:27 SSW
 24   15,0   24,2  14:53    4,7  06:23    3,3    0,0    0,0    2,2   17,6  13:36 SSW
 25   13,1   20,3  13:56    5,5  06:22    5,3    0,0    2,1    6,1   31,0  23:21 ESE
 26   10,9   16,6  13:14    5,8  23:52    7,4    0,0    0,0    5,7   26,6  13:32 SE
 27    9,3   15,9  15:43    3,1  04:20    9,0    0,0    0,0    2,1   12,6  13:26 S
 28    9,7   17,3  16:04    1,6  05:51    8,6    0,0    0,0    1,8   12,6  10:57 S
 29   11,3   19,1  15:09    2,5  06:16    7,0    0,0    0,0    1,7   15,5  13:49 S
 30   12,1   20,9  15:35    3,1  06:08    6,2    0,0    0,0    1,6   15,5  16:16 SSE
 31   13,3   23,1  16:30    2,1  07:10    5,1    0,0    0,0    1,6   14,8  14:58 SW
---------------------------------------------------------------------------------------
       10,0    24,2  24   -1,4  14  257,5    0,0     31,1    2,8   31,0  25 ESE
    
Updated: 06/07/2019 14:00:00