Sacile Pordenone

45° 56.65' N | 012° 28.80' E | 32 metri | Mostra sulla Mappa

Sommario Climatico June 2019

20/09/2019 09:25:00 CEST

Stazione: LaCrosse WS-2350
Software: WeeWX v3.8.2
Weewx uptime: 75 Giorni, 19 Ore, 28 Minuti
Server uptime: 75 Giorni, 23 Ore, 39 Minuti
                   MONTHLY CLIMATOLOGICAL SUMMARY for giu 2019


NAME: Sacile Pordenone                  
ELEV: 32 metri    LAT: 45-56.65 N    LONG: 012-28.80 E


                   TEMPERATURE (°C), RAIN (mm), WIND SPEED (km/h)

                                         HEAT   COOL         AVG
      MEAN                               DEG    DEG          WIND                   DOM
DAY   TEMP   HIGH   TIME    LOW   TIME   DAYS   DAYS   RAIN  SPEED   HIGH   TIME    DIR
---------------------------------------------------------------------------------------
 01   21,2   28,8  17:13   11,7  05:50    0,0    2,8    0,0    3,9   21,6  18:45 W
 02   24,0   30,1  16:33   15,0  05:25    0,0    5,7    0,0    2,7   27,7  17:20 WSW
 03   23,7   30,3  17:39   16,4  06:00    0,0    5,4    0,0    1,1   13,0  17:30 SSW
 04   23,9   30,4  15:06   17,3  05:31    0,0    5,6    0,0    1,5   16,9  15:42 SW
 05   21,6   24,5  13:18   18,1  05:54    0,0    3,3    0,0    1,5   12,2  20:00 ESE
 06   20,7   24,4  14:57   17,8  23:55    0,0    2,4    0,5    2,5   15,1  10:08 E
 07   21,5   27,9  15:39   16,5  05:51    0,0    3,1    0,0    1,5   16,6  14:41 SSE
 08   23,3   30,2  16:49   14,8  05:39    0,0    5,0    0,0    1,6   19,1  12:32 SE
 09   24,9   31,4  18:23   17,9  05:04    0,0    6,6    0,0    1,9   15,5  09:34 ESE
 10   24,8   31,5  15:15   18,3  05:05    0,0    6,4    0,0    1,2   16,9  12:39 E
 11   26,4   31,2  14:01   21,0  05:36    0,0    8,1    0,0    4,6   23,4  13:46 E
 12   26,4   30,4  15:38   21,1  05:20    0,0    8,1    0,0    6,3   23,4  09:36 E
 13   25,6   31,9  16:50   19,2  23:55    0,0    7,3    0,0    1,5   17,3  13:50 SW
 14   24,5   32,7  16:04   14,9  05:26    0,0    6,1    0,0    1,0   12,6  14:21 SE
 15   26,6   33,6  14:31   19,9  02:25    0,0    8,3    0,0    2,6   18,4  10:44 ESE
 16   26,7   32,7  18:06   19,2  05:45    0,0    8,4    0,0    2,2   18,4  12:08 ESE
 17   26,0   31,3  16:52   18,6  06:01    0,0    7,7    0,0    2,4   19,1  13:57 ESE
 18   25,8   32,8  15:30   18,2  05:21    0,0    7,5    0,0    1,4   12,6  12:36 SSE
 19   23,9   31,6  14:14   18,2  04:12    0,0    5,6    1,0    1,1   13,0  14:30 SE
 20   22,8   31,3  15:57   21,4  09:52    0,0    4,5    0,5    2,2   18,7  12:36 SE
 21   25,1   31,8  15:40   17,7  05:29    0,0    6,8    0,0    2,5   23,0  12:16 ESE
 22   21,0   24,6  15:56   17,6  05:17    0,0    2,6   18,1    2,2   27,4  08:21 ENE
 23   23,7   30,1  16:18   17,5  05:44    0,0    5,4    0,0    1,1   13,0  09:34 WSW
 24   24,6   32,2  16:07   21,4  08:51    0,0    6,3    0,0    1,0    9,4  14:43 SSE
 25   27,6   33,6  17:19   20,9  05:36    0,0    9,3    0,0    0,9   11,9  13:27 SSE
 26   16,2   35,4  18:28   21,4  16:44    2,1    0,0    0,0    0,7    8,6  17:58 S
 27   29,9   36,8  15:22   21,4  05:06    0,0   11,6    0,0    0,8   10,8  12:05 SE
 28   30,0   35,3  15:56   25,4  02:58    0,0   11,7    0,0    2,9   13,3  08:00 ESE
 29   27,2   32,6  17:25   20,9  05:36    0,0    8,8    0,0    1,5   12,6  11:12 SE
 30   27,8   34,7  16:49   19,1  05:26    0,0    9,5    0,0    0,9   10,4  14:41 SSE
---------------------------------------------------------------------------------------
       24,6    36,8  27   11,7  01    2,1  189,7     20,2    2,0   27,7  02 ESE
    
Updated: 06/07/2019 14:00:00