MONTHLY CLIMATOLOGICAL SUMMARY for ago 2019 NAME: Malga Picotera ELEV: 1038 metri LAT: 46-01.32 N LONG: 012-22.30 E TEMPERATURE (°C), RAIN (mm), WIND SPEED (km/h) HEAT COOL AVG MEAN DEG DEG WIND DOM DAY TEMP HIGH TIME LOW TIME DAYS DAYS RAIN SPEED HIGH TIME DIR --------------------------------------------------------------------------------------- 01 19,3 24,7 16:22 16,6 04:19 0,0 1,0 0,0 2,3 19,3 14:10 223 02 16,4 19,9 15:07 13,1 23:10 2,0 0,0 31,6 2,2 14,5 11:30 38 03 16,6 22,5 15:47 12,1 05:28 1,7 0,0 0,0 3,0 17,7 12:40 202 04 16,7 20,7 14:23 13,4 06:01 1,6 0,0 0,0 2,4 20,9 13:33 207 05 17,5 20,8 13:18 14,8 03:38 0,8 0,0 0,2 1,7 14,5 12:51 209 06 17,6 21,8 14:59 13,0 22:29 0,8 0,0 38,0 1,9 16,1 14:57 235 07 16,7 20,2 13:31 13,4 05:40 1,6 0,0 5,8 2,9 12,9 04:43 21 08 18,0 22,6 17:21 14,3 05:58 0,4 0,0 0,2 2,7 16,1 14:35 77 09 19,2 23,3 14:16 15,7 00:54 0,0 0,8 0,0 2,4 19,3 14:17 230 10 19,9 22,8 16:49 17,4 05:59 0,0 1,6 0,0 1,7 14,5 12:14 209 11 21,0 25,6 16:20 18,0 23:58 0,0 2,7 0,0 2,0 19,3 15:41 226 12 20,1 24,2 14:11 16,5 22:07 0,0 1,8 1,8 2,8 17,7 21:23 23 13 19,5 24,9 16:22 13,3 22:53 0,0 1,1 5,4 3,4 20,9 14:26 57 14 14,9 18,9 17:51 11,6 07:15 3,4 0,0 4,0 2,2 19,3 14:31 341 15 14,5 19,9 16:33 9,7 06:38 3,9 0,0 28,2 2,4 19,3 14:05 230 16 14,7 20,9 16:28 9,4 06:02 3,6 0,0 19,2 3,8 19,3 14:10 20 17 15,7 19,9 15:20 12,4 03:33 2,6 0,0 0,0 2,5 17,7 12:11 180 18 17,1 21,0 15:40 13,8 06:29 1,2 0,0 0,0 2,4 16,1 11:00 245 19 18,4 22,1 15:09 15,6 04:44 0,0 0,0 0,0 1,9 19,3 14:39 222 20 19,5 24,7 16:51 15,7 05:25 0,0 1,2 0,0 2,5 16,1 14:35 316 21 19,0 24,6 17:23 14,3 22:57 0,0 0,7 22,2 3,2 17,7 22:52 22 22 17,0 21,3 17:00 13,2 01:01 1,3 0,0 0,0 2,6 11,3 00:00 30 23 18,0 21,1 10:41 15,7 06:50 0,4 0,0 0,8 2,4 17,7 11:21 28 24 18,6 24,1 13:29 15,2 16:20 0,0 0,3 3,8 3,3 17,7 14:48 21 25 18,5 23,2 17:22 15,0 02:34 0,0 0,2 0,0 2,6 11,3 00:32 20 26 19,1 24,1 14:53 15,1 06:40 0,0 0,7 0,0 2,7 14,5 09:26 269 27 19,1 23,9 16:26 15,6 06:36 0,0 0,8 0,0 3,0 19,3 12:21 314 28 19,6 24,7 15:22 16,6 03:55 0,0 1,3 0,0 2,9 20,9 15:23 317 29 19,9 24,4 14:45 16,6 05:37 0,0 1,5 0,0 2,6 17,7 13:20 341 30 20,1 25,7 15:47 16,7 03:26 0,0 1,8 0,2 3,0 17,7 13:46 17 31 20,3 25,7 14:18 17,4 23:12 0,0 2,0 0,0 3,2 17,7 13:33 12 --------------------------------------------------------------------------------------- 18,1 25,7 30 9,4 16 25,5 19,5 161,4 2,6 20,9 04 337 Updated: 10/11/2019 17:55:00