MONTHLY CLIMATOLOGICAL SUMMARY for nov 2019 NAME: Malga Picotera ELEV: 1038 metri LAT: 46-01.32 N LONG: 012-22.30 E TEMPERATURE (°C), RAIN (mm), WIND SPEED (km/h) HEAT COOL AVG MEAN DEG DEG WIND DOM DAY TEMP HIGH TIME LOW TIME DAYS DAYS RAIN SPEED HIGH TIME DIR --------------------------------------------------------------------------------------- 01 4,2 7,1 13:28 1,8 06:25 14,1 0,0 0,2 1,0 16,1 12:32 236 02 6,5 8,4 23:37 4,3 00:19 11,9 0,0 11,4 0,3 6,4 01:42 192 03 9,6 11,4 14:11 8,4 01:18 8,8 0,0 31,6 3,7 51,5 16:15 207 04 7,6 9,9 11:50 6,0 06:20 10,8 0,0 1,8 1,7 12,9 00:05 66 05 8,2 10,8 13:50 4,9 23:59 10,1 0,0 26,2 3,0 25,7 18:41 196 06 4,3 6,2 10:05 2,3 23:44 14,0 0,0 14,6 2,1 16,1 10:11 33 07 4,4 8,1 12:52 2,2 00:47 13,9 0,0 0,0 1,5 16,1 13:01 226 08 4,9 6,1 10:52 2,7 23:36 13,4 0,0 36,6 2,6 37,0 12:13 217 09 2,6 5,0 11:49 0,7 23:05 15,7 0,0 17,6 1,5 11,3 12:51 346 10 3,4 7,7 14:55 0,6 06:30 15,0 0,0 0,0 3,4 17,7 13:20 355 11 3,9 6,0 21:52 0,9 01:06 14,4 0,0 3,8 1,5 11,3 13:57 360 12 5,7 6,6 19:53 4,7 03:28 12,6 0,0 57,2 4,1 46,7 23:43 10 13 3,3 6,1 00:47 0,5 21:23 15,0 0,0 4,8 3,1 32,2 00:04 22 14 3,7 8,0 14:00 0,3 00:58 14,7 0,0 0,0 3,0 12,9 11:06 12 15 6,5 8,6 09:47 4,6 00:00 11,8 0,0 0,2 6,9 41,8 08:20 210 16 4,4 6,0 10:29 3,2 22:25 13,9 0,0 3,0 2,5 19,3 00:11 11 17 7,4 9,7 12:34 3,8 23:59 11,0 0,0 48,0 5,7 43,5 09:03 205 18 3,0 7,2 14:23 0,6 05:38 15,3 0,0 3,2 2,5 16,1 12:13 40 19 5,4 6,4 13:51 3,3 00:35 12,9 0,0 21,0 2,7 14,5 11:24 14 20 6,0 9,3 11:31 3,8 20:54 12,3 0,0 0,0 2,4 14,5 12:13 352 21 4,9 6,8 10:20 3,5 21:12 13,5 0,0 2,2 0,8 8,0 10:05 225 22 4,5 6,9 12:12 2,6 07:20 13,8 0,0 0,2 1,4 8,0 12:12 239 23 6,4 8,1 20:50 4,5 01:21 11,9 0,0 58,0 2,8 24,1 22:40 205 24 7,8 8,3 06:39 7,1 02:15 10,5 0,0 89,2 4,6 24,1 03:55 19 25 9,3 13,3 15:28 6,8 19:06 9,0 0,0 0,0 3,7 12,9 12:53 6 26 7,1 10,9 10:43 3,2 23:41 11,2 0,0 0,0 2,3 8,0 09:57 322 27 5,2 6,4 18:37 3,0 00:09 13,1 0,0 26,2 1,0 12,9 16:49 282 28 4,8 7,4 11:09 2,8 22:15 13,5 0,0 0,2 1,3 9,7 10:35 332 29 3,4 4,6 12:00 2,1 06:09 14,9 0,0 0,0 1,8 9,7 00:27 356 30 4,5 8,3 09:44 1,5 22:41 13,9 0,0 0,0 2,1 14,5 10:58 14 --------------------------------------------------------------------------------------- 5,4 13,3 25 0,3 14 386,9 0,0 457,2 2,6 51,5 03 326 Updated: 01/12/2019 00:00:00