Malga Picotera

46° 01.32' N | 012° 22.30' E | 1038 metri | Mostra sulla Mappa

Sommario Climatico June 2021

22/04/2024 08:40:00 CEST

Stazione: Vantage Pro2
Software: WeeWX v4.9.1
Weewx uptime: 8 days, 9 hours, 31 minutes
Server uptime: 8 days, 9 hours, 33 minutes
                   MONTHLY CLIMATOLOGICAL SUMMARY for giu 2021


NAME: Malga Picotera                  
ELEV: 1038 metri    LAT: 46-01.32 N    LONG: 012-22.30 E


                   TEMPERATURE (°C), RAIN (mm), WIND SPEED (km/h)

                                         HEAT   COOL         AVG
      MEAN                               DEG    DEG          WIND                   DOM
DAY   TEMP   HIGH   TIME    LOW   TIME   DAYS   DAYS   RAIN  SPEED   HIGH   TIME    DIR
---------------------------------------------------------------------------------------
 01   11,2   14,7  13:35    7,3  00:18    7,1    0,0    0,0    1,9   17,7  12:13    216
 02   12,2   17,6  15:32    8,6  05:15    6,2    0,0    0,0    2,5   19,3  14:37    225
 03   13,8   18,9  14:42    9,6  03:42    4,5    0,0    0,0    2,4   16,1  13:16    234
 04   15,5   20,3  16:01   11,9  04:42    2,9    0,0    2,4    2,3   20,9  13:38    169
 05   15,2   20,8  15:33   10,6  22:17    3,2    0,0   61,8    3,1   19,3  14:09    355
 06   13,1   16,6  14:14   10,7  07:22    5,3    0,0   23,4    1,6   11,3  06:24     15
 07   14,5   18,1  17:08   11,8  03:16    3,8    0,0    0,2    1,6   14,5  17:05      3
 08   16,3   21,7  17:14   12,4  22:04    2,1    0,0   12,4    2,4   14,5  15:17     18
 09   16,7   21,3  16:03   12,3  00:05    1,7    0,0    0,0    1,9   14,5  11:55     22
 10   15,1   20,0  14:02   11,8  15:29    3,2    0,0   17,4    2,0   12,9  12:41     22
 11   15,1   19,1  15:51   11,6  14:05    3,3    0,0    3,4    2,0   11,3  12:12     15
 12   17,4   22,4  15:30   13,1  02:10    0,9    0,0    0,0    2,4   17,7  16:08    223
 13   18,7   23,1  15:16   15,0  04:11    0,0    0,4    0,0    1,9   20,9  14:23    202
 14   15,6   18,7  15:25   13,6  06:07    2,7    0,0    0,0    1,3   14,5  13:34    208
 15   15,8   21,2  17:12   12,7  04:50    2,5    0,0    0,0    1,4   16,1  14:06    219
 16   17,2   23,1  16:23   13,3  05:34    1,1    0,0    0,0    2,0   17,7  15:54    250
 17   18,3   23,6  16:24   14,1  04:22    0,1    0,0    0,0    2,2   17,7  14:38    209
 18   17,3   20,9  14:58   13,5  03:00    1,0    0,0    3,8    1,4   12,9  13:57    268
 19   18,8   24,0  16:37   15,0  03:09    0,0    0,5    0,0    1,6   14,5  13:25    244
 20   19,6   23,8  15:51   16,7  01:41    0,0    1,3    0,0    1,3   12,9  11:16    242
 21   19,9   25,9  16:04   16,7  04:50    0,0    1,6    0,0    1,9   19,3  14:55    228
 22   19,0   25,0  15:55   15,6  05:27    0,0    0,7    0,0    1,9   20,9  14:52    142
 23   19,8   25,8  16:07   15,2  03:26    0,0    1,4    0,0    2,5   20,9  14:37    353
 24   19,6   24,4  15:57   15,6  05:05    0,0    1,3    0,0    2,6   22,5  12:45    234
 25   17,1   22,3  16:02   11,3  23:44    1,2    0,0    6,8    2,0   19,3  10:56     37
 26   16,9   23,6  16:48   11,0  02:51    1,4    0,0    0,0    2,9   20,9  14:19    312
 27   18,9   24,5  16:13   14,6  04:39    0,0    0,6    0,0    2,2   22,5  13:09    213
 28   19,6   25,5  16:38   15,4  05:30    0,0    1,3    0,0    3,1   22,5  17:55    355
 29   19,0   26,1  15:56   13,7  21:39    0,0    0,7   37,0    3,1   24,1  15:19     26
 30   16,2   21,1  16:01   13,3  06:43    2,1    0,0    0,4    2,8   20,9  13:42     46
---------------------------------------------------------------------------------------
      16,8   26,1     29    7,3     01   56,3    9,8  169,0    2,1   24,1     29    252
    
Updated: 01/07/2021 00:00:00