Malga Picotera

46° 01.32' N | 012° 22.30' E | 1038 metri | Mostra sulla Mappa

Sommario Climatico June 2023

22/04/2024 08:10:00 CEST

Stazione: Vantage Pro2
Software: WeeWX v4.9.1
Weewx uptime: 8 days, 9 hours, 1 minute
Server uptime: 8 days, 9 hours, 3 minutes
                   MONTHLY CLIMATOLOGICAL SUMMARY for giu 2023


NAME: Malga Picotera                  
ELEV: 1038 metri    LAT: 46-01.32 N    LONG: 012-22.30 E


                   TEMPERATURE (°C), RAIN (mm), WIND SPEED (km/h)

                                         HEAT   COOL         AVG
      MEAN                               DEG    DEG          WIND                   DOM
DAY   TEMP   HIGH   TIME    LOW   TIME   DAYS   DAYS   RAIN  SPEED   HIGH   TIME    DIR
---------------------------------------------------------------------------------------
 01   15,0   21,2  15:38   12,1  06:29    3,3    0,0    0,6    1,0   19,3  14:03    241
 02   15,8   21,6  16:02   11,5  04:43    2,6    0,0    0,0    1,3   17,7  12:48    247
 03   14,9   18,8  14:01   11,2  23:11    3,5    0,0   11,0    0,5   22,5  14:50    212
 04   12,6   15,6  17:11   10,4  02:06    5,7    0,0   10,0    0,1    9,7  15:00    215
 05   11,8   14,1  15:12   10,3  10:13    6,5    0,0   14,6    0,1   12,9  12:18    272
 06   12,3   15,1  17:22   10,8  02:56    6,0    0,0    4,0    0,0    8,0  12:04    263
 07   13,8   18,9  17:13    9,4  04:51    4,5    0,0    0,2    0,7   17,7  14:38    221
 08   14,4   20,8  15:45   10,3  22:46    4,0    0,0    1,2    1,5   16,1  12:04    262
 09   14,7   19,4  16:41   10,6  05:10    3,6    0,0    0,4    1,8   16,1  12:38    334
 10   14,1   18,7  14:37   11,4  18:33    4,3    0,0    5,6    1,4   17,7  17:54     14
 11   13,9   18,8  14:39   11,3  04:02    4,5    0,0   14,8    0,6   12,9  00:31     19
 12   14,7   19,4  16:27   11,6  06:17    3,7    0,0    5,6    0,5   14,5  13:05    225
 13   12,7   16,6  15:50   10,4  23:58    5,7    0,0   29,0    0,4   12,9  13:25    260
 14   13,3   18,3  15:10    9,8  05:13    5,0    0,0   22,0    0,6   17,7  15:33    354
 15   13,3   17,3  12:46   10,4  05:52    5,1    0,0    5,8    1,4   16,1  12:51     10
 16   14,3   20,0  15:10    9,9  03:10    4,0    0,0    2,0    0,9   27,4  14:45    220
 17   15,4   21,4  17:00   10,6  04:24    2,9    0,0    0,0    1,4   17,7  14:14    226
 18   16,3   21,6  16:10   11,4  04:29    2,0    0,0    0,0    0,8   19,3  15:00    220
 19   17,6   22,7  16:57   13,3  03:05    0,7    0,0    0,0    0,9   16,1  15:12    218
 20   18,8   22,6  15:56   15,0  04:29    0,0    0,4    0,0    0,7   16,1  12:49    219
 21   19,8   24,2  17:21   16,1  02:40    0,0    1,4    0,0    0,8   14,5  15:25    212
 22   20,9   25,3  16:38   17,9  01:06    0,0    2,6    0,0    0,7   17,7  16:38    219
 23   19,0   23,6  12:13   16,8  06:04    0,0    0,7    0,0    1,0   16,1  13:47     36
 24   17,7   22,5  15:38   14,8  07:21    0,6    0,0    0,0    0,6   16,1  13:10     33
 25   17,7   23,3  16:52   13,5  04:07    0,6    0,0    0,0    1,0   17,7  12:59    221
 26   18,9   25,3  17:01   14,6  06:06    0,0    0,5    0,0    0,9   20,9  15:10    219
 27   17,7   22,2  12:44   14,2  23:56    0,7    0,0    5,0    0,1    9,7  10:18    233
 28   14,4   17,0  15:07   12,6  04:27    3,9    0,0    0,2    0,2   11,3  14:42    217
 29   15,7   21,0  16:49   11,8  06:51    2,6    0,0    0,0    0,6   17,7  16:22    217
 30   15,2   19,0  12:49   12,7  04:17    3,1    0,0    1,2    0,3   16,1  12:11    217
---------------------------------------------------------------------------------------
      15,6   25,3     22    9,4     07   89,1    5,7  133,2    0,8   27,4     16    234
    
Updated: 01/07/2023 00:00:00